{"id":946,"date":"2023-06-30T10:55:03","date_gmt":"2023-06-30T08:55:03","guid":{"rendered":"https:\/\/vtbati.fr\/vtbati\/index.php\/produit\/cheville-5-7-5mm\/"},"modified":"2023-06-30T10:55:03","modified_gmt":"2023-06-30T08:55:03","slug":"cheville-5-7-5mm","status":"publish","type":"product","link":"http:\/\/s350233878.onlinehome.fr\/index.php\/produit\/cheville-5-7-5mm\/","title":{"rendered":"CHEVILLE 5-7.5MM"},"content":{"rendered":"<p>Les chevilles de 5-7,5 mm sont des \u00e9l\u00e9ments d&rsquo;ancrage utilis\u00e9s pour fixer de mani\u00e8re s\u00e9curis\u00e9e des objets l\u00e9gers \u00e0 moyens tels que des \u00e9tag\u00e8res, des cadres ou des luminaires dans divers mat\u00e9riaux tels que le pl\u00e2tre, le bois ou le b\u00e9ton.<\/p>\n","protected":false},"excerpt":{"rendered":"<p>Les chevilles de 5-7,5 mm sont des \u00e9l\u00e9ments d&rsquo;ancrage utilis\u00e9s pour fixer de mani\u00e8re s\u00e9curis\u00e9e des objets l\u00e9gers \u00e0 moyens tels que des \u00e9tag\u00e8res, des cadres ou des luminaires dans&hellip;<\/p>\n","protected":false},"featured_media":775,"template":"","meta":[],"product_cat":[160,16],"product_tag":[],"class_list":{"0":"post-946","1":"product","2":"type-product","3":"status-publish","4":"has-post-thumbnail","6":"product_cat-outils-electriques-portatifs","7":"product_cat-quincaillerie","9":"first","10":"instock","11":"taxable","12":"shipping-taxable","13":"purchasable","14":"product-type-simple"},"_links":{"self":[{"href":"http:\/\/s350233878.onlinehome.fr\/index.php\/wp-json\/wp\/v2\/product\/946","targetHints":{"allow":["GET"]}}],"collection":[{"href":"http:\/\/s350233878.onlinehome.fr\/index.php\/wp-json\/wp\/v2\/product"}],"about":[{"href":"http:\/\/s350233878.onlinehome.fr\/index.php\/wp-json\/wp\/v2\/types\/product"}],"wp:featuredmedia":[{"embeddable":true,"href":"http:\/\/s350233878.onlinehome.fr\/index.php\/wp-json\/wp\/v2\/media\/775"}],"wp:attachment":[{"href":"http:\/\/s350233878.onlinehome.fr\/index.php\/wp-json\/wp\/v2\/media?parent=946"}],"wp:term":[{"taxonomy":"product_cat","embeddable":true,"href":"http:\/\/s350233878.onlinehome.fr\/index.php\/wp-json\/wp\/v2\/product_cat?post=946"},{"taxonomy":"product_tag","embeddable":true,"href":"http:\/\/s350233878.onlinehome.fr\/index.php\/wp-json\/wp\/v2\/product_tag?post=946"}],"curies":[{"name":"wp","href":"https:\/\/api.w.org\/{rel}","templated":true}]}}