{"id":938,"date":"2023-06-30T10:54:57","date_gmt":"2023-06-30T08:54:57","guid":{"rendered":"https:\/\/vtbati.fr\/vtbati\/index.php\/produit\/barillet\/"},"modified":"2023-06-30T10:54:57","modified_gmt":"2023-06-30T08:54:57","slug":"barillet","status":"publish","type":"product","link":"http:\/\/s350233878.onlinehome.fr\/index.php\/produit\/barillet\/","title":{"rendered":"BARILLET"},"content":{"rendered":"<p>Un barillet est un dispositif de verrouillage utilis\u00e9 dans les serrures pour contr\u00f4ler l&rsquo;acc\u00e8s \u00e0 une porte, un coffre-fort ou tout autre \u00e9l\u00e9ment n\u00e9cessitant une s\u00e9curit\u00e9.<\/p>\n","protected":false},"excerpt":{"rendered":"<p>Un barillet est un dispositif de verrouillage utilis\u00e9 dans les serrures pour contr\u00f4ler l&rsquo;acc\u00e8s \u00e0 une porte, un coffre-fort ou tout autre \u00e9l\u00e9ment n\u00e9cessitant une s\u00e9curit\u00e9.<\/p>\n","protected":false},"featured_media":791,"template":"","meta":[],"product_cat":[160,16],"product_tag":[],"class_list":{"0":"post-938","1":"product","2":"type-product","3":"status-publish","4":"has-post-thumbnail","6":"product_cat-outils-electriques-portatifs","7":"product_cat-quincaillerie","9":"first","10":"instock","11":"taxable","12":"shipping-taxable","13":"purchasable","14":"product-type-simple"},"_links":{"self":[{"href":"http:\/\/s350233878.onlinehome.fr\/index.php\/wp-json\/wp\/v2\/product\/938","targetHints":{"allow":["GET"]}}],"collection":[{"href":"http:\/\/s350233878.onlinehome.fr\/index.php\/wp-json\/wp\/v2\/product"}],"about":[{"href":"http:\/\/s350233878.onlinehome.fr\/index.php\/wp-json\/wp\/v2\/types\/product"}],"wp:featuredmedia":[{"embeddable":true,"href":"http:\/\/s350233878.onlinehome.fr\/index.php\/wp-json\/wp\/v2\/media\/791"}],"wp:attachment":[{"href":"http:\/\/s350233878.onlinehome.fr\/index.php\/wp-json\/wp\/v2\/media?parent=938"}],"wp:term":[{"taxonomy":"product_cat","embeddable":true,"href":"http:\/\/s350233878.onlinehome.fr\/index.php\/wp-json\/wp\/v2\/product_cat?post=938"},{"taxonomy":"product_tag","embeddable":true,"href":"http:\/\/s350233878.onlinehome.fr\/index.php\/wp-json\/wp\/v2\/product_tag?post=938"}],"curies":[{"name":"wp","href":"https:\/\/api.w.org\/{rel}","templated":true}]}}