{"id":924,"date":"2023-06-30T10:54:48","date_gmt":"2023-06-30T08:54:48","guid":{"rendered":"https:\/\/vtbati.fr\/vtbati\/index.php\/produit\/compribande\/"},"modified":"2023-06-30T10:54:48","modified_gmt":"2023-06-30T08:54:48","slug":"compribande","status":"publish","type":"product","link":"http:\/\/s350233878.onlinehome.fr\/index.php\/produit\/compribande\/","title":{"rendered":"COMPRIBANDE"},"content":{"rendered":"<p>Le compribande est un produit d&rsquo;\u00e9tanch\u00e9it\u00e9 utilis\u00e9 pour sceller les joints entre diff\u00e9rentes surfaces dans la construction, en particulier dans les applications de menuiserie.<\/p>\n","protected":false},"excerpt":{"rendered":"<p>Le compribande est un produit d&rsquo;\u00e9tanch\u00e9it\u00e9 utilis\u00e9 pour sceller les joints entre diff\u00e9rentes surfaces dans la construction, en particulier dans les applications de menuiserie.<\/p>\n","protected":false},"featured_media":819,"template":"","meta":[],"product_cat":[239,160,16],"product_tag":[],"class_list":{"0":"post-924","1":"product","2":"type-product","3":"status-publish","4":"has-post-thumbnail","6":"product_cat-consommables","7":"product_cat-outils-electriques-portatifs","8":"product_cat-quincaillerie","10":"first","11":"instock","12":"taxable","13":"shipping-taxable","14":"purchasable","15":"product-type-simple"},"_links":{"self":[{"href":"http:\/\/s350233878.onlinehome.fr\/index.php\/wp-json\/wp\/v2\/product\/924","targetHints":{"allow":["GET"]}}],"collection":[{"href":"http:\/\/s350233878.onlinehome.fr\/index.php\/wp-json\/wp\/v2\/product"}],"about":[{"href":"http:\/\/s350233878.onlinehome.fr\/index.php\/wp-json\/wp\/v2\/types\/product"}],"wp:featuredmedia":[{"embeddable":true,"href":"http:\/\/s350233878.onlinehome.fr\/index.php\/wp-json\/wp\/v2\/media\/819"}],"wp:attachment":[{"href":"http:\/\/s350233878.onlinehome.fr\/index.php\/wp-json\/wp\/v2\/media?parent=924"}],"wp:term":[{"taxonomy":"product_cat","embeddable":true,"href":"http:\/\/s350233878.onlinehome.fr\/index.php\/wp-json\/wp\/v2\/product_cat?post=924"},{"taxonomy":"product_tag","embeddable":true,"href":"http:\/\/s350233878.onlinehome.fr\/index.php\/wp-json\/wp\/v2\/product_tag?post=924"}],"curies":[{"name":"wp","href":"https:\/\/api.w.org\/{rel}","templated":true}]}}