{"id":912,"date":"2023-06-30T10:54:40","date_gmt":"2023-06-30T08:54:40","guid":{"rendered":"https:\/\/vtbati.fr\/vtbati\/index.php\/produit\/veste-chantier\/"},"modified":"2023-06-30T10:54:40","modified_gmt":"2023-06-30T08:54:40","slug":"veste-chantier","status":"publish","type":"product","link":"http:\/\/s350233878.onlinehome.fr\/index.php\/produit\/veste-chantier\/","title":{"rendered":"VESTE CHANTIER"},"content":{"rendered":"<p>Une veste de chantier, \u00e9galement connue sous le nom de veste de s\u00e9curit\u00e9 ou veste de travail, est un v\u00eatement con\u00e7u pour assurer la s\u00e9curit\u00e9 et la visibilit\u00e9 des travailleurs sur les chantiers de construction et dans d&rsquo;autres environnements professionnels \u00e0 haut risque.<\/p>\n","protected":false},"excerpt":{"rendered":"<p>Une veste de chantier, \u00e9galement connue sous le nom de veste de s\u00e9curit\u00e9 ou veste de travail, est un v\u00eatement con\u00e7u pour assurer la s\u00e9curit\u00e9 et la visibilit\u00e9 des travailleurs&hellip;<\/p>\n","protected":false},"featured_media":840,"template":"","meta":[],"product_cat":[241,160,16],"product_tag":[],"class_list":{"0":"post-912","1":"product","2":"type-product","3":"status-publish","4":"has-post-thumbnail","6":"product_cat-equipement-chantier","7":"product_cat-outils-electriques-portatifs","8":"product_cat-quincaillerie","10":"first","11":"instock","12":"taxable","13":"shipping-taxable","14":"purchasable","15":"product-type-simple"},"_links":{"self":[{"href":"http:\/\/s350233878.onlinehome.fr\/index.php\/wp-json\/wp\/v2\/product\/912","targetHints":{"allow":["GET"]}}],"collection":[{"href":"http:\/\/s350233878.onlinehome.fr\/index.php\/wp-json\/wp\/v2\/product"}],"about":[{"href":"http:\/\/s350233878.onlinehome.fr\/index.php\/wp-json\/wp\/v2\/types\/product"}],"wp:featuredmedia":[{"embeddable":true,"href":"http:\/\/s350233878.onlinehome.fr\/index.php\/wp-json\/wp\/v2\/media\/840"}],"wp:attachment":[{"href":"http:\/\/s350233878.onlinehome.fr\/index.php\/wp-json\/wp\/v2\/media?parent=912"}],"wp:term":[{"taxonomy":"product_cat","embeddable":true,"href":"http:\/\/s350233878.onlinehome.fr\/index.php\/wp-json\/wp\/v2\/product_cat?post=912"},{"taxonomy":"product_tag","embeddable":true,"href":"http:\/\/s350233878.onlinehome.fr\/index.php\/wp-json\/wp\/v2\/product_tag?post=912"}],"curies":[{"name":"wp","href":"https:\/\/api.w.org\/{rel}","templated":true}]}}