{"id":910,"date":"2023-06-30T10:54:38","date_gmt":"2023-06-30T08:54:38","guid":{"rendered":"https:\/\/vtbati.fr\/vtbati\/index.php\/produit\/visseuse\/"},"modified":"2023-06-30T10:54:38","modified_gmt":"2023-06-30T08:54:38","slug":"visseuse","status":"publish","type":"product","link":"http:\/\/s350233878.onlinehome.fr\/index.php\/produit\/visseuse\/","title":{"rendered":"VISSEUSE"},"content":{"rendered":"<p>Une visseuse est un outil \u00e9lectrique utilis\u00e9 pour enfoncer ou retirer des vis de mani\u00e8re rapide et efficace.<\/p>\n","protected":false},"excerpt":{"rendered":"<p>Une visseuse est un outil \u00e9lectrique utilis\u00e9 pour enfoncer ou retirer des vis de mani\u00e8re rapide et efficace.<\/p>\n","protected":false},"featured_media":844,"template":"","meta":[],"product_cat":[160,16],"product_tag":[],"class_list":{"0":"post-910","1":"product","2":"type-product","3":"status-publish","4":"has-post-thumbnail","6":"product_cat-outils-electriques-portatifs","7":"product_cat-quincaillerie","9":"first","10":"instock","11":"taxable","12":"shipping-taxable","13":"purchasable","14":"product-type-simple"},"_links":{"self":[{"href":"http:\/\/s350233878.onlinehome.fr\/index.php\/wp-json\/wp\/v2\/product\/910","targetHints":{"allow":["GET"]}}],"collection":[{"href":"http:\/\/s350233878.onlinehome.fr\/index.php\/wp-json\/wp\/v2\/product"}],"about":[{"href":"http:\/\/s350233878.onlinehome.fr\/index.php\/wp-json\/wp\/v2\/types\/product"}],"wp:featuredmedia":[{"embeddable":true,"href":"http:\/\/s350233878.onlinehome.fr\/index.php\/wp-json\/wp\/v2\/media\/844"}],"wp:attachment":[{"href":"http:\/\/s350233878.onlinehome.fr\/index.php\/wp-json\/wp\/v2\/media?parent=910"}],"wp:term":[{"taxonomy":"product_cat","embeddable":true,"href":"http:\/\/s350233878.onlinehome.fr\/index.php\/wp-json\/wp\/v2\/product_cat?post=910"},{"taxonomy":"product_tag","embeddable":true,"href":"http:\/\/s350233878.onlinehome.fr\/index.php\/wp-json\/wp\/v2\/product_tag?post=910"}],"curies":[{"name":"wp","href":"https:\/\/api.w.org\/{rel}","templated":true}]}}