{"id":905,"date":"2023-06-30T10:54:35","date_gmt":"2023-06-30T08:54:35","guid":{"rendered":"https:\/\/vtbati.fr\/vtbati\/index.php\/produit\/moustiquaire\/"},"modified":"2023-06-30T10:54:35","modified_gmt":"2023-06-30T08:54:35","slug":"moustiquaire","status":"publish","type":"product","link":"http:\/\/s350233878.onlinehome.fr\/index.php\/produit\/moustiquaire\/","title":{"rendered":"MOUSTIQUAIRE"},"content":{"rendered":"<p>Une moustiquaire est un mat\u00e9riau utilis\u00e9 pour emp\u00eacher les moustiques et autres insectes volants d&rsquo;entrer dans une pi\u00e8ce tout en permettant la circulation de l&rsquo;air.<\/p>\n","protected":false},"excerpt":{"rendered":"<p>Une moustiquaire est un mat\u00e9riau utilis\u00e9 pour emp\u00eacher les moustiques et autres insectes volants d&rsquo;entrer dans une pi\u00e8ce tout en permettant la circulation de l&rsquo;air.<\/p>\n","protected":false},"featured_media":854,"template":"","meta":[],"product_cat":[242,160,16],"product_tag":[],"class_list":{"0":"post-905","1":"product","2":"type-product","3":"status-publish","4":"has-post-thumbnail","6":"product_cat-exterieur-2","7":"product_cat-outils-electriques-portatifs","8":"product_cat-quincaillerie","10":"first","11":"instock","12":"taxable","13":"shipping-taxable","14":"purchasable","15":"product-type-simple"},"_links":{"self":[{"href":"http:\/\/s350233878.onlinehome.fr\/index.php\/wp-json\/wp\/v2\/product\/905","targetHints":{"allow":["GET"]}}],"collection":[{"href":"http:\/\/s350233878.onlinehome.fr\/index.php\/wp-json\/wp\/v2\/product"}],"about":[{"href":"http:\/\/s350233878.onlinehome.fr\/index.php\/wp-json\/wp\/v2\/types\/product"}],"wp:featuredmedia":[{"embeddable":true,"href":"http:\/\/s350233878.onlinehome.fr\/index.php\/wp-json\/wp\/v2\/media\/854"}],"wp:attachment":[{"href":"http:\/\/s350233878.onlinehome.fr\/index.php\/wp-json\/wp\/v2\/media?parent=905"}],"wp:term":[{"taxonomy":"product_cat","embeddable":true,"href":"http:\/\/s350233878.onlinehome.fr\/index.php\/wp-json\/wp\/v2\/product_cat?post=905"},{"taxonomy":"product_tag","embeddable":true,"href":"http:\/\/s350233878.onlinehome.fr\/index.php\/wp-json\/wp\/v2\/product_tag?post=905"}],"curies":[{"name":"wp","href":"https:\/\/api.w.org\/{rel}","templated":true}]}}