{"id":559,"date":"2023-06-30T10:54:31","date_gmt":"2023-06-30T08:54:31","guid":{"rendered":"https:\/\/vtbati.fr\/vtbati\/?post_type=product&#038;p=559"},"modified":"2023-06-30T10:54:31","modified_gmt":"2023-06-30T08:54:31","slug":"vis-a-beton-tapcon-hfl-xtrem-tete-hexagonale-zingue","status":"publish","type":"product","link":"http:\/\/s350233878.onlinehome.fr\/index.php\/produit\/vis-a-beton-tapcon-hfl-xtrem-tete-hexagonale-zingue\/","title":{"rendered":"Vis \u00e0 b\u00e9ton TAPCON HFL XTREM t\u00eate hexagonale zingu\u00e9"},"content":{"rendered":"<div>\n<p><strong>Vis b\u00e9ton TH haute performance avec ETE Option 1, agr\u00e9ment sismique et r\u00e9sistante au feu, pouvant \u00eatre utilis\u00e9e en b\u00e9ton fissur\u00e9 et non-fissur\u00e9<\/strong><\/p>\n<p>Peut \u00eatre utilis\u00e9e dans les zones sismiques C1 et C2<br \/>\nFiletage grande longueur permettant une des plus hautes performances du march\u00e9<br \/>\nCheville ajustable pour mise \u00e0 niveau si n\u00e9cessaire sans perte de performance<br \/>\nTraitement par zingage lamellaire r\u00e9sistant 500 heures au brouillard salin<br \/>\nCheville ajustable pour mise \u00e0 niveau si n\u00e9cessaire sans perte de performance<br \/>\nCheville d\u00e9montable permettant des fixations provisoires<\/p>\n<\/div>\n<div><\/div>\n<div>\n<h2 class=\"dc__title-section\">Caract\u00e9ristiques techniques<\/h2>\n<form><input id=\"limit\" class=\"dc__limit_checkbox\" type=\"checkbox\" \/><\/p>\n<ul class=\"attributes data attributes--overflow\">\n<li style=\"list-style-type: none;\">\n<ul class=\"attributes data attributes--overflow\">\n<li>\n<dl class=\"attribute\">\n<dt class=\"name\">Forme de la t\u00eate<\/dt>\n<dd class=\"value\">hexagonale<\/dd>\n<\/dl>\n<\/li>\n<li>\n<dl class=\"attribute\">\n<dt class=\"name\">Mati\u00e8re<\/dt>\n<dd class=\"value\">acier<\/dd>\n<\/dl>\n<\/li>\n<li>\n<dl class=\"attribute\">\n<dt class=\"name\">Normes<\/dt>\n<dd class=\"value\">CE<br \/>\nETA option 1 ETE 16\/0276<br \/>\nETA option 1 ETE 16\/0373<br \/>\nLogiciel de calcul I-EXPERT<br \/>\nR\u00e9sistance au feu<\/dd>\n<\/dl>\n<\/li>\n<\/ul>\n<\/li>\n<\/ul>\n<p><span class=\"dc__discriminant__info_text--highlight\">INFOS PRODUIT : <\/span><span class=\"dc__discriminant__info_text--key\">Forme de la t\u00eate<\/span>\u00a0: hexagonale\u00a0<span class=\"dc__discriminant__info_text--separator\">I\u00a0<\/span><span class=\"dc__discriminant__info_text--key\">Mati\u00e8re<\/span>\u00a0: acier<\/p>\n<div class=\"attribute product code-p\"><span class=\"type\">Code P :<\/span>\u00a0<span class=\"value\">P4301B5<\/span><\/div>\n<div class=\"attribute product sku\"><span class=\"type\">R\u00e9f. P :<\/span>\u00a0<span class=\"value\" data-bind=\"text: selectedArticleSku\">59435108<\/span><\/div>\n<div class=\"attribute product ref\"><span class=\"type\">R\u00e9f. fabricant :<\/span>\u00a0<span class=\"value\" data-bind=\"text: getReferenceCode()\">058733<\/span><\/div>\n<\/form>\n<\/div>\n","protected":false},"excerpt":{"rendered":"<p>Vis b\u00e9ton TH haute performance avec ETE Option 1, agr\u00e9ment sismique et r\u00e9sistante au feu, pouvant \u00eatre utilis\u00e9e en b\u00e9ton fissur\u00e9 et non-fissur\u00e9 Peut \u00eatre utilis\u00e9e dans les zones sismiques&hellip;<\/p>\n","protected":false},"featured_media":560,"template":"","meta":[],"product_cat":[163,160,179,109,16],"product_tag":[],"class_list":{"0":"post-559","1":"product","2":"type-product","3":"status-publish","4":"has-post-thumbnail","6":"product_cat-outils-de-fixation","7":"product_cat-outils-electriques-portatifs","8":"product_cat-vis","9":"product_cat-vis-et-boulons","10":"product_cat-quincaillerie","12":"first","13":"instock","14":"taxable","15":"shipping-taxable","16":"purchasable","17":"product-type-simple"},"_links":{"self":[{"href":"http:\/\/s350233878.onlinehome.fr\/index.php\/wp-json\/wp\/v2\/product\/559","targetHints":{"allow":["GET"]}}],"collection":[{"href":"http:\/\/s350233878.onlinehome.fr\/index.php\/wp-json\/wp\/v2\/product"}],"about":[{"href":"http:\/\/s350233878.onlinehome.fr\/index.php\/wp-json\/wp\/v2\/types\/product"}],"wp:featuredmedia":[{"embeddable":true,"href":"http:\/\/s350233878.onlinehome.fr\/index.php\/wp-json\/wp\/v2\/media\/560"}],"wp:attachment":[{"href":"http:\/\/s350233878.onlinehome.fr\/index.php\/wp-json\/wp\/v2\/media?parent=559"}],"wp:term":[{"taxonomy":"product_cat","embeddable":true,"href":"http:\/\/s350233878.onlinehome.fr\/index.php\/wp-json\/wp\/v2\/product_cat?post=559"},{"taxonomy":"product_tag","embeddable":true,"href":"http:\/\/s350233878.onlinehome.fr\/index.php\/wp-json\/wp\/v2\/product_tag?post=559"}],"curies":[{"name":"wp","href":"https:\/\/api.w.org\/{rel}","templated":true}]}}