{"id":4900,"date":"2024-02-19T17:00:34","date_gmt":"2024-02-19T16:00:34","guid":{"rendered":"https:\/\/vtbati.fr\/vtbati\/?post_type=product&#038;p=4900"},"modified":"2024-02-19T17:00:37","modified_gmt":"2024-02-19T16:00:37","slug":"geb-mastic-multi-usages-joint-fix-280-ml-translucide","status":"publish","type":"product","link":"http:\/\/s350233878.onlinehome.fr\/index.php\/produit\/geb-mastic-multi-usages-joint-fix-280-ml-translucide\/","title":{"rendered":"GEB &#8211; Mastic multi-usages JOINT &#038; FIX &#8211; 280 ml &#8211; translucide"},"content":{"rendered":"<div class=\"attribute product sku\"><span class=\"type\">R\u00e9f. PROLIANS :<\/span>\u00a0<span class=\"value\" data-bind=\"text: selectedArticleSku\">47282845<\/span><\/div>\n<div class=\"attribute product ref\"><span class=\"type\">R\u00e9f. fabricant :<\/span>\u00a0<span class=\"value\" data-bind=\"text: getReferenceCode()\">590510<\/span><\/div>\n<div><\/div>\n<div><strong>Mastic d\u00e9coratif multi-usages pour joint et collage en sanitaire.<br \/>\nProduit 3 en1.<\/strong><\/p>\n<p>Permet de r\u00e9aliser des joints d&rsquo;\u00e9tanch\u00e9it\u00e9 ultra-invisibles.<br \/>\nAdapt\u00e9 aux collages dans les salles de bains et les cuisines qui se veulent esth\u00e9tiques (mat\u00e9riaux transparents et originaux).<br \/>\nPemet de fixer des miroirs, porte-serviettes et moulures, mais aussi des \u00e9l\u00e9ments lourds tels que baignoires, cabines de douche, vasques, etc.<\/p><\/div>\n<div><\/div>\n","protected":false},"excerpt":{"rendered":"<p>R\u00e9f. PROLIANS :\u00a047282845 R\u00e9f. fabricant :\u00a0590510 Mastic d\u00e9coratif multi-usages pour joint et collage en sanitaire. Produit 3 en1. Permet de r\u00e9aliser des joints d&rsquo;\u00e9tanch\u00e9it\u00e9 ultra-invisibles. Adapt\u00e9 aux collages dans les&hellip;<\/p>\n","protected":false},"featured_media":4901,"template":"","meta":[],"product_cat":[1099,1103,23],"product_tag":[1180,1157,1202,1148,1201,1203],"class_list":{"0":"post-4900","1":"product","2":"type-product","3":"status-publish","4":"has-post-thumbnail","6":"product_cat-mastics","7":"product_cat-mastics-polymere-et-hybrides","8":"product_cat-consommable","9":"product_tag-280-ml","10":"product_tag-geb","11":"product_tag-joint-fix","12":"product_tag-mastic","13":"product_tag-multi-usages","14":"product_tag-ranslucide","16":"first","17":"instock","18":"taxable","19":"shipping-taxable","20":"purchasable","21":"product-type-simple"},"_links":{"self":[{"href":"http:\/\/s350233878.onlinehome.fr\/index.php\/wp-json\/wp\/v2\/product\/4900","targetHints":{"allow":["GET"]}}],"collection":[{"href":"http:\/\/s350233878.onlinehome.fr\/index.php\/wp-json\/wp\/v2\/product"}],"about":[{"href":"http:\/\/s350233878.onlinehome.fr\/index.php\/wp-json\/wp\/v2\/types\/product"}],"wp:featuredmedia":[{"embeddable":true,"href":"http:\/\/s350233878.onlinehome.fr\/index.php\/wp-json\/wp\/v2\/media\/4901"}],"wp:attachment":[{"href":"http:\/\/s350233878.onlinehome.fr\/index.php\/wp-json\/wp\/v2\/media?parent=4900"}],"wp:term":[{"taxonomy":"product_cat","embeddable":true,"href":"http:\/\/s350233878.onlinehome.fr\/index.php\/wp-json\/wp\/v2\/product_cat?post=4900"},{"taxonomy":"product_tag","embeddable":true,"href":"http:\/\/s350233878.onlinehome.fr\/index.php\/wp-json\/wp\/v2\/product_tag?post=4900"}],"curies":[{"name":"wp","href":"https:\/\/api.w.org\/{rel}","templated":true}]}}