{"id":4894,"date":"2024-02-19T16:50:11","date_gmt":"2024-02-19T15:50:11","guid":{"rendered":"https:\/\/vtbati.fr\/vtbati\/?post_type=product&#038;p=4894"},"modified":"2024-02-19T16:50:14","modified_gmt":"2024-02-19T15:50:14","slug":"mastic-polymere-msp-108-290-ml-blanc","status":"publish","type":"product","link":"http:\/\/s350233878.onlinehome.fr\/index.php\/produit\/mastic-polymere-msp-108-290-ml-blanc\/","title":{"rendered":"BOSTIK &#8211; Mastic polym\u00e8re MSP 108 &#8211; 290 ml &#8211; blanc"},"content":{"rendered":"<div class=\"attribute product sku\"><span class=\"type\">R\u00e9f. PROLIANS :<\/span>\u00a0<span class=\"value\" data-bind=\"text: selectedArticleSku\">49889313<\/span><\/div>\n<div class=\"attribute product ref\"><span class=\"type\">R\u00e9f. fabricant :<\/span>\u00a0<span class=\"value\" data-bind=\"text: getReferenceCode()\">30133127<\/span><\/div>\n<div><\/div>\n<div>Mastic MS polym\u00e8res de fixation hautes performances id\u00e9al pour le collage en vertical d\u2019\u00e9l\u00e9ments lourds. Sa prise initiale (\u00ab\u00a0tack\u00a0\u00bb) tr\u00e8s \u00e9lev\u00e9e permet un maintien imm\u00e9diat des \u00e9l\u00e9ments \u00e0 fixer.Il est particuli\u00e8rement adapt\u00e9 au collage de panneaux, parements, miroirs lourds ou encore \u00e0 la fixation de rails pour plaques de pl\u00e2tre sur carrelage, b\u00e9ton ou sol chauffant.<br \/>\nMSP 108 est compatible avec tous les mat\u00e9riaux : brique, b\u00e9ton, pierre naturelle, miroir, fer, acier, aluminium, zinc, mati\u00e8res synth\u00e9tiques, bois, agglom\u00e9r\u00e9, li\u00e8ge, c\u00e9ramique, PVC.<br \/>\nAdh\u00e8re sur supports humides non ruisselants.<br \/>\nInt\u00e9rieur\/Ext\u00e9rieur.<\/div>\n","protected":false},"excerpt":{"rendered":"<p>R\u00e9f. PROLIANS :\u00a049889313 R\u00e9f. fabricant :\u00a030133127 Mastic MS polym\u00e8res de fixation hautes performances id\u00e9al pour le collage en vertical d\u2019\u00e9l\u00e9ments lourds. Sa prise initiale (\u00ab\u00a0tack\u00a0\u00bb) tr\u00e8s \u00e9lev\u00e9e permet un maintien&hellip;<\/p>\n","protected":false},"featured_media":4895,"template":"","meta":[],"product_cat":[1099,1103,23],"product_tag":[1142,707,1197,1198,1199],"class_list":{"0":"post-4894","1":"product","2":"type-product","3":"status-publish","4":"has-post-thumbnail","6":"product_cat-mastics","7":"product_cat-mastics-polymere-et-hybrides","8":"product_cat-consommable","9":"product_tag-290-ml","10":"product_tag-blanc","11":"product_tag-bostik","12":"product_tag-mastic-polymere","13":"product_tag-msp-108","15":"first","16":"instock","17":"taxable","18":"shipping-taxable","19":"purchasable","20":"product-type-simple"},"_links":{"self":[{"href":"http:\/\/s350233878.onlinehome.fr\/index.php\/wp-json\/wp\/v2\/product\/4894","targetHints":{"allow":["GET"]}}],"collection":[{"href":"http:\/\/s350233878.onlinehome.fr\/index.php\/wp-json\/wp\/v2\/product"}],"about":[{"href":"http:\/\/s350233878.onlinehome.fr\/index.php\/wp-json\/wp\/v2\/types\/product"}],"wp:featuredmedia":[{"embeddable":true,"href":"http:\/\/s350233878.onlinehome.fr\/index.php\/wp-json\/wp\/v2\/media\/4895"}],"wp:attachment":[{"href":"http:\/\/s350233878.onlinehome.fr\/index.php\/wp-json\/wp\/v2\/media?parent=4894"}],"wp:term":[{"taxonomy":"product_cat","embeddable":true,"href":"http:\/\/s350233878.onlinehome.fr\/index.php\/wp-json\/wp\/v2\/product_cat?post=4894"},{"taxonomy":"product_tag","embeddable":true,"href":"http:\/\/s350233878.onlinehome.fr\/index.php\/wp-json\/wp\/v2\/product_tag?post=4894"}],"curies":[{"name":"wp","href":"https:\/\/api.w.org\/{rel}","templated":true}]}}