{"id":4881,"date":"2024-02-19T16:07:29","date_gmt":"2024-02-19T15:07:29","guid":{"rendered":"https:\/\/vtbati.fr\/vtbati\/?post_type=product&#038;p=4881"},"modified":"2024-02-19T16:07:32","modified_gmt":"2024-02-19T15:07:32","slug":"mastic-polyurethane-sikaflex-112-crystal-clear-300-ml-transparent","status":"publish","type":"product","link":"http:\/\/s350233878.onlinehome.fr\/index.php\/produit\/mastic-polyurethane-sikaflex-112-crystal-clear-300-ml-transparent\/","title":{"rendered":"SIKA &#8211; Mastic polyur\u00e9thane SIKAFLEX 112 CRYSTAL CLEAR &#8211; 300 ml &#8211; transparent"},"content":{"rendered":"<div class=\"attribute product sku\"><span class=\"type\">R\u00e9f. PROLIANS :<\/span>\u00a0<span class=\"value\" data-bind=\"text: selectedArticleSku\">66463206<\/span><\/div>\n<div class=\"attribute product ref\"><span class=\"type\">R\u00e9f. fabricant :<\/span>\u00a0<span class=\"value\" data-bind=\"text: getReferenceCode()\">SIKAFLEX 112 CRYSTAL CLEAR<\/span><\/div>\n<div><strong>MASTIC-COLLE TRANSPARENT<\/strong><\/p>\n<p>Sikaflex\u00ae-112 Crystal Clear est un mastic-colle mono composant, multi-usages et transparent avec un bon maintien imm\u00e9diat qui colle et calfeutre la plupart des mat\u00e9riaux de construction. Utilisation \u00e0 l\u2019int\u00e9rieur et \u00e0 l\u2019ext\u00e9rieur.<\/p>\n<ul>\n<li>Transparent<\/li>\n<li>Maintien imm\u00e9diat \u00e9lev\u00e9<\/li>\n<li>Tr\u00e8s faibles \u00e9missions<\/li>\n<\/ul>\n<\/div>\n","protected":false},"excerpt":{"rendered":"<p>R\u00e9f. PROLIANS :\u00a066463206 R\u00e9f. fabricant :\u00a0SIKAFLEX 112 CRYSTAL CLEAR MASTIC-COLLE TRANSPARENT Sikaflex\u00ae-112 Crystal Clear est un mastic-colle mono composant, multi-usages et transparent avec un bon maintien imm\u00e9diat qui colle et&hellip;<\/p>\n","protected":false},"featured_media":4882,"template":"","meta":[],"product_cat":[1099,1102,23],"product_tag":[1187,1139,1188,1185,1186,1175],"class_list":{"0":"post-4881","1":"product","2":"type-product","3":"status-publish","4":"has-post-thumbnail","6":"product_cat-mastics","7":"product_cat-mastics-polyurethane","8":"product_cat-consommable","9":"product_tag-1187","10":"product_tag-300-ml","11":"product_tag-crystal-clear","12":"product_tag-mastic-polyurethane","13":"product_tag-sikaflex","14":"product_tag-transparent","16":"first","17":"instock","18":"taxable","19":"shipping-taxable","20":"purchasable","21":"product-type-simple"},"_links":{"self":[{"href":"http:\/\/s350233878.onlinehome.fr\/index.php\/wp-json\/wp\/v2\/product\/4881","targetHints":{"allow":["GET"]}}],"collection":[{"href":"http:\/\/s350233878.onlinehome.fr\/index.php\/wp-json\/wp\/v2\/product"}],"about":[{"href":"http:\/\/s350233878.onlinehome.fr\/index.php\/wp-json\/wp\/v2\/types\/product"}],"wp:featuredmedia":[{"embeddable":true,"href":"http:\/\/s350233878.onlinehome.fr\/index.php\/wp-json\/wp\/v2\/media\/4882"}],"wp:attachment":[{"href":"http:\/\/s350233878.onlinehome.fr\/index.php\/wp-json\/wp\/v2\/media?parent=4881"}],"wp:term":[{"taxonomy":"product_cat","embeddable":true,"href":"http:\/\/s350233878.onlinehome.fr\/index.php\/wp-json\/wp\/v2\/product_cat?post=4881"},{"taxonomy":"product_tag","embeddable":true,"href":"http:\/\/s350233878.onlinehome.fr\/index.php\/wp-json\/wp\/v2\/product_tag?post=4881"}],"curies":[{"name":"wp","href":"https:\/\/api.w.org\/{rel}","templated":true}]}}