{"id":4878,"date":"2024-02-19T15:57:39","date_gmt":"2024-02-19T14:57:39","guid":{"rendered":"https:\/\/vtbati.fr\/vtbati\/?post_type=product&#038;p=4878"},"modified":"2024-02-19T15:57:41","modified_gmt":"2024-02-19T14:57:41","slug":"mastic-silicone-tous-supports-280-ml-gris","status":"publish","type":"product","link":"http:\/\/s350233878.onlinehome.fr\/index.php\/produit\/mastic-silicone-tous-supports-280-ml-gris\/","title":{"rendered":"GEB &#8211; Mastic silicone TOUS SUPPORTS &#8211; 280 ml &#8211; gris"},"content":{"rendered":"<div class=\"attribute product sku\"><span class=\"type\">R\u00e9f. PROLIANS :<\/span>\u00a0<span class=\"value\" data-bind=\"text: selectedArticleSku\">59941968<\/span><\/div>\n<div class=\"attribute product ref\"><span class=\"type\">R\u00e9f. fabricant :<\/span>\u00a0<span class=\"value\" data-bind=\"text: getReferenceCode()\">890700<\/span><\/div>\n<div>Mastic silicone neutre fongicide, qualit\u00e9 sp\u00e9ciale sanitaire, utilisable sur la plupart des supports.Permet de faire un joint d&rsquo;\u00e9tanch\u00e9it\u00e9 \u00e9lastique autour des appareils sanitaires : lavabos, vasques, bacs et cabines de douche,\u00a0baignoires, \u00e9viers, meubles de salles de bains, plans de travail, meubles m\u00e9lamin\u00e9s.Applicable sur le verre, l\u2019\u00e9mail, la porcelaine, l\u2019acrylique, les mat\u00e9riaux de synth\u00e8se et r\u00e9sine, le bois, le b\u00e9ton,l\u2019inox, les pierres naturelles (apres test), etc\u2026.<\/div>\n","protected":false},"excerpt":{"rendered":"<p>R\u00e9f. PROLIANS :\u00a059941968 R\u00e9f. fabricant :\u00a0890700 Mastic silicone neutre fongicide, qualit\u00e9 sp\u00e9ciale sanitaire, utilisable sur la plupart des supports.Permet de faire un joint d&rsquo;\u00e9tanch\u00e9it\u00e9 \u00e9lastique autour des appareils sanitaires :&hellip;<\/p>\n","protected":false},"featured_media":4879,"template":"","meta":[],"product_cat":[1099,1101,23],"product_tag":[1180,1157,771,1143,1184],"class_list":{"0":"post-4878","1":"product","2":"type-product","3":"status-publish","4":"has-post-thumbnail","6":"product_cat-mastics","7":"product_cat-mastics-silicones","8":"product_cat-consommable","9":"product_tag-280-ml","10":"product_tag-geb","11":"product_tag-gris","12":"product_tag-mastic-silicone","13":"product_tag-tous-supports","15":"first","16":"instock","17":"taxable","18":"shipping-taxable","19":"purchasable","20":"product-type-simple"},"_links":{"self":[{"href":"http:\/\/s350233878.onlinehome.fr\/index.php\/wp-json\/wp\/v2\/product\/4878","targetHints":{"allow":["GET"]}}],"collection":[{"href":"http:\/\/s350233878.onlinehome.fr\/index.php\/wp-json\/wp\/v2\/product"}],"about":[{"href":"http:\/\/s350233878.onlinehome.fr\/index.php\/wp-json\/wp\/v2\/types\/product"}],"wp:featuredmedia":[{"embeddable":true,"href":"http:\/\/s350233878.onlinehome.fr\/index.php\/wp-json\/wp\/v2\/media\/4879"}],"wp:attachment":[{"href":"http:\/\/s350233878.onlinehome.fr\/index.php\/wp-json\/wp\/v2\/media?parent=4878"}],"wp:term":[{"taxonomy":"product_cat","embeddable":true,"href":"http:\/\/s350233878.onlinehome.fr\/index.php\/wp-json\/wp\/v2\/product_cat?post=4878"},{"taxonomy":"product_tag","embeddable":true,"href":"http:\/\/s350233878.onlinehome.fr\/index.php\/wp-json\/wp\/v2\/product_tag?post=4878"}],"curies":[{"name":"wp","href":"https:\/\/api.w.org\/{rel}","templated":true}]}}