{"id":4860,"date":"2024-02-19T15:38:30","date_gmt":"2024-02-19T14:38:30","guid":{"rendered":"https:\/\/vtbati.fr\/vtbati\/?post_type=product&#038;p=4860"},"modified":"2024-02-19T15:38:32","modified_gmt":"2024-02-19T14:38:32","slug":"mastic-silicone-silirub-ac-300-ml-transparent","status":"publish","type":"product","link":"http:\/\/s350233878.onlinehome.fr\/index.php\/produit\/mastic-silicone-silirub-ac-300-ml-transparent\/","title":{"rendered":"SOUDAL &#8211; Mastic silicone SILIRUB AC &#8211; 300 ml &#8211; transparent"},"content":{"rendered":"<div class=\"attribute product sku\"><span class=\"type\">R\u00e9f. PROLIANS :<\/span>\u00a0<span class=\"value\" data-bind=\"text: selectedArticleSku\">52162432<\/span><\/div>\n<div class=\"attribute product ref\"><span class=\"type\">R\u00e9f. fabricant :<\/span>\u00a0<span class=\"value\" data-bind=\"text: getReferenceCode()\">101445<\/span><\/div>\n<div><\/div>\n<div>Silirub AC est un mastic monocomposant \u00e9lastique de grande qualit\u00e9. Tr\u00e8s mall\u00e9able. Couleur inalt\u00e9rable et r\u00e9sistante aux rayons UV.<\/div>\n","protected":false},"excerpt":{"rendered":"<p>R\u00e9f. PROLIANS :\u00a052162432 R\u00e9f. fabricant :\u00a0101445 Silirub AC est un mastic monocomposant \u00e9lastique de grande qualit\u00e9. Tr\u00e8s mall\u00e9able. Couleur inalt\u00e9rable et r\u00e9sistante aux rayons UV.<\/p>\n","protected":false},"featured_media":4861,"template":"","meta":[],"product_cat":[1099,1101,23],"product_tag":[1139,1143,1174,1151,1175],"class_list":{"0":"post-4860","1":"product","2":"type-product","3":"status-publish","4":"has-post-thumbnail","6":"product_cat-mastics","7":"product_cat-mastics-silicones","8":"product_cat-consommable","9":"product_tag-300-ml","10":"product_tag-mastic-silicone","11":"product_tag-silirub-ac","12":"product_tag-soudal","13":"product_tag-transparent","15":"first","16":"instock","17":"taxable","18":"shipping-taxable","19":"purchasable","20":"product-type-simple"},"_links":{"self":[{"href":"http:\/\/s350233878.onlinehome.fr\/index.php\/wp-json\/wp\/v2\/product\/4860","targetHints":{"allow":["GET"]}}],"collection":[{"href":"http:\/\/s350233878.onlinehome.fr\/index.php\/wp-json\/wp\/v2\/product"}],"about":[{"href":"http:\/\/s350233878.onlinehome.fr\/index.php\/wp-json\/wp\/v2\/types\/product"}],"wp:featuredmedia":[{"embeddable":true,"href":"http:\/\/s350233878.onlinehome.fr\/index.php\/wp-json\/wp\/v2\/media\/4861"}],"wp:attachment":[{"href":"http:\/\/s350233878.onlinehome.fr\/index.php\/wp-json\/wp\/v2\/media?parent=4860"}],"wp:term":[{"taxonomy":"product_cat","embeddable":true,"href":"http:\/\/s350233878.onlinehome.fr\/index.php\/wp-json\/wp\/v2\/product_cat?post=4860"},{"taxonomy":"product_tag","embeddable":true,"href":"http:\/\/s350233878.onlinehome.fr\/index.php\/wp-json\/wp\/v2\/product_tag?post=4860"}],"curies":[{"name":"wp","href":"https:\/\/api.w.org\/{rel}","templated":true}]}}