{"id":4847,"date":"2024-02-15T16:42:54","date_gmt":"2024-02-15T15:42:54","guid":{"rendered":"https:\/\/vtbati.fr\/vtbati\/?post_type=product&#038;p=4847"},"modified":"2024-02-15T16:42:55","modified_gmt":"2024-02-15T15:42:55","slug":"sika-mastic-silicone-sikaseal-108-sanitaire","status":"publish","type":"product","link":"http:\/\/s350233878.onlinehome.fr\/index.php\/produit\/sika-mastic-silicone-sikaseal-108-sanitaire\/","title":{"rendered":"SIKA &#8211; Mastic silicone SIKASEAL 108 SANITAIRE"},"content":{"rendered":"<div class=\"attribute product code-p\"><span class=\"type\">Code P :<\/span>\u00a0<span class=\"value\">P550124<\/span><\/div>\n<div class=\"attribute product sku\"><span class=\"type\">R\u00e9f. PROLIANS :<\/span>\u00a0<span class=\"value\" data-bind=\"text: selectedArticleSku\">61299076<\/span><\/div>\n<div class=\"attribute product ref\"><span class=\"type\">R\u00e9f. fabricant :<\/span>\u00a0<span class=\"value\" data-bind=\"text: getReferenceCode()\">SIKASEAL 108 SANITAIRE<\/span><\/div>\n<div><\/div>\n<div>Mastic silicone anti-moisissures.SikaSeal\u00ae-108 Sanitaire est un mastic \u00e9lastom\u00e8re mono composant \u00e0 base de polym\u00e8res silicones ac\u00e9tiques. Il se pr\u00e9sente sous la forme d\u2019une p\u00e2te facilement extrudable.SikaSeal\u00ae-108 Sanitaire est un mastic thixotrope: il peut \u00eatre utilis\u00e9 pour r\u00e9aliser des joints verticaux et horizontaux.SikaSeal\u00ae-108 Sanitaire polym\u00e9rise sous l\u2019action de l\u2019humidit\u00e9 de l\u2019air.SikaSeal\u00ae-108 Sanitaire contient un produit biocide pour lutter contre les moisissures et les champignons (CAS 64359-81-5).<\/div>\n","protected":false},"excerpt":{"rendered":"<p>Code P :\u00a0P550124 R\u00e9f. PROLIANS :\u00a061299076 R\u00e9f. fabricant :\u00a0SIKASEAL 108 SANITAIRE Mastic silicone anti-moisissures.SikaSeal\u00ae-108 Sanitaire est un mastic \u00e9lastom\u00e8re mono composant \u00e0 base de polym\u00e8res silicones ac\u00e9tiques. Il se pr\u00e9sente&hellip;<\/p>\n","protected":false},"featured_media":4849,"template":"","meta":[],"product_cat":[1099,1101,23],"product_tag":[1143,1145,1155,1171],"class_list":{"0":"post-4847","1":"product","2":"type-product","3":"status-publish","4":"has-post-thumbnail","6":"product_cat-mastics","7":"product_cat-mastics-silicones","8":"product_cat-consommable","9":"product_tag-mastic-silicone","10":"product_tag-sanitaire","11":"product_tag-sika","12":"product_tag-sikaseal-108","14":"first","15":"instock","16":"taxable","17":"shipping-taxable","18":"purchasable","19":"product-type-simple"},"_links":{"self":[{"href":"http:\/\/s350233878.onlinehome.fr\/index.php\/wp-json\/wp\/v2\/product\/4847","targetHints":{"allow":["GET"]}}],"collection":[{"href":"http:\/\/s350233878.onlinehome.fr\/index.php\/wp-json\/wp\/v2\/product"}],"about":[{"href":"http:\/\/s350233878.onlinehome.fr\/index.php\/wp-json\/wp\/v2\/types\/product"}],"wp:featuredmedia":[{"embeddable":true,"href":"http:\/\/s350233878.onlinehome.fr\/index.php\/wp-json\/wp\/v2\/media\/4849"}],"wp:attachment":[{"href":"http:\/\/s350233878.onlinehome.fr\/index.php\/wp-json\/wp\/v2\/media?parent=4847"}],"wp:term":[{"taxonomy":"product_cat","embeddable":true,"href":"http:\/\/s350233878.onlinehome.fr\/index.php\/wp-json\/wp\/v2\/product_cat?post=4847"},{"taxonomy":"product_tag","embeddable":true,"href":"http:\/\/s350233878.onlinehome.fr\/index.php\/wp-json\/wp\/v2\/product_tag?post=4847"}],"curies":[{"name":"wp","href":"https:\/\/api.w.org\/{rel}","templated":true}]}}