{"id":4830,"date":"2024-02-15T15:19:47","date_gmt":"2024-02-15T14:19:47","guid":{"rendered":"https:\/\/vtbati.fr\/vtbati\/?post_type=product&#038;p=4830"},"modified":"2024-02-15T15:19:48","modified_gmt":"2024-02-15T14:19:48","slug":"mastic-silicone-loctite-si-5660-100-ml-gris","status":"publish","type":"product","link":"http:\/\/s350233878.onlinehome.fr\/index.php\/produit\/mastic-silicone-loctite-si-5660-100-ml-gris\/","title":{"rendered":"LOCTITE &#8211; Mastic silicone LOCTITE SI 5660 &#8211; 100 ml &#8211; gris"},"content":{"rendered":"<div class=\"attribute product sku\"><span class=\"type\">R\u00e9f. PROLIANS :<\/span>\u00a0<span class=\"value\" data-bind=\"text: selectedArticleSku\">41844949<\/span><\/div>\n<div class=\"attribute product ref\"><span class=\"type\">R\u00e9f. fabricant :<\/span>\u00a0<span class=\"value\" data-bind=\"text: getReferenceCode()\">LOCTITE SI 5660<\/span><\/div>\n<div><\/div>\n<div>Pour l&rsquo;\u00e9tanch\u00e9it\u00e9 des plans de joints flexibles (transmissions, pi\u00e8ces m\u00e9talliques usin\u00e9es&#8230;).<br \/>\nId\u00e9al pour les jeux importants, excellente r\u00e9sistance au m\u00e9lange eau\/glycol, r\u00e9sistant \u00e0 l&rsquo;huile.<br \/>\nEvite la migration du produit apr\u00e8s application sur les pi\u00e8ces.<br \/>\nExcellentes propri\u00e9t\u00e9s adh\u00e9sives.<\/div>\n","protected":false},"excerpt":{"rendered":"<p>R\u00e9f. PROLIANS :\u00a041844949 R\u00e9f. fabricant :\u00a0LOCTITE SI 5660 Pour l&rsquo;\u00e9tanch\u00e9it\u00e9 des plans de joints flexibles (transmissions, pi\u00e8ces m\u00e9talliques usin\u00e9es&#8230;). Id\u00e9al pour les jeux importants, excellente r\u00e9sistance au m\u00e9lange eau\/glycol, r\u00e9sistant&hellip;<\/p>\n","protected":false},"featured_media":4831,"template":"","meta":[],"product_cat":[1099,1101,23],"product_tag":[1161,771,1159,1143,1163],"class_list":{"0":"post-4830","1":"product","2":"type-product","3":"status-publish","4":"has-post-thumbnail","6":"product_cat-mastics","7":"product_cat-mastics-silicones","8":"product_cat-consommable","9":"product_tag-100-ml","10":"product_tag-gris","11":"product_tag-loctite","12":"product_tag-mastic-silicone","13":"product_tag-si-5660","15":"first","16":"instock","17":"taxable","18":"shipping-taxable","19":"purchasable","20":"product-type-simple"},"_links":{"self":[{"href":"http:\/\/s350233878.onlinehome.fr\/index.php\/wp-json\/wp\/v2\/product\/4830","targetHints":{"allow":["GET"]}}],"collection":[{"href":"http:\/\/s350233878.onlinehome.fr\/index.php\/wp-json\/wp\/v2\/product"}],"about":[{"href":"http:\/\/s350233878.onlinehome.fr\/index.php\/wp-json\/wp\/v2\/types\/product"}],"wp:featuredmedia":[{"embeddable":true,"href":"http:\/\/s350233878.onlinehome.fr\/index.php\/wp-json\/wp\/v2\/media\/4831"}],"wp:attachment":[{"href":"http:\/\/s350233878.onlinehome.fr\/index.php\/wp-json\/wp\/v2\/media?parent=4830"}],"wp:term":[{"taxonomy":"product_cat","embeddable":true,"href":"http:\/\/s350233878.onlinehome.fr\/index.php\/wp-json\/wp\/v2\/product_cat?post=4830"},{"taxonomy":"product_tag","embeddable":true,"href":"http:\/\/s350233878.onlinehome.fr\/index.php\/wp-json\/wp\/v2\/product_tag?post=4830"}],"curies":[{"name":"wp","href":"https:\/\/api.w.org\/{rel}","templated":true}]}}