{"id":4810,"date":"2024-02-06T17:00:12","date_gmt":"2024-02-06T16:00:12","guid":{"rendered":"https:\/\/vtbati.fr\/vtbati\/?post_type=product&#038;p=4810"},"modified":"2024-02-06T17:00:14","modified_gmt":"2024-02-06T16:00:14","slug":"xhander-mastic-silicone-sanitaire-acetique","status":"publish","type":"product","link":"http:\/\/s350233878.onlinehome.fr\/index.php\/produit\/xhander-mastic-silicone-sanitaire-acetique\/","title":{"rendered":"XHANDER &#8211; Mastic silicone sanitaire ac\u00e9tique"},"content":{"rendered":"<div class=\"attribute product code-p\"><span class=\"type\">Code P :<\/span>\u00a0<span class=\"value\">P55XXP8<\/span><\/div>\n<div class=\"attribute product sku\"><span class=\"type\">R\u00e9f. PROLIANS :<\/span>\u00a0<span class=\"value\" data-bind=\"text: selectedArticleSku\">68599652<\/span><\/div>\n<div class=\"attribute product ref\"><span class=\"type\">R\u00e9f. fabricant :<\/span>\u00a0<span class=\"value\" data-bind=\"text: getReferenceCode()\">158007<\/span><\/div>\n<div><\/div>\n<div>Tr\u00e8s bonne applicabilit\u00e9.<br \/>\nSans Meko.<br \/>\nExcellente r\u00e9sistance aux agressions chimiques.<br \/>\nTraitement anti-moisissures.<br \/>\nUtilisations: r\u00e9alisation de joints de finition ou de raccordement en milieu \u00e0 forte humidit\u00e9.<\/div>\n","protected":false},"excerpt":{"rendered":"<p>Code P :\u00a0P55XXP8 R\u00e9f. PROLIANS :\u00a068599652 R\u00e9f. fabricant :\u00a0158007 Tr\u00e8s bonne applicabilit\u00e9. Sans Meko. Excellente r\u00e9sistance aux agressions chimiques. Traitement anti-moisissures. Utilisations: r\u00e9alisation de joints de finition ou de raccordement&hellip;<\/p>\n","protected":false},"featured_media":4805,"template":"","meta":[],"product_cat":[1099,1101,23],"product_tag":[1150,1148,1149,559],"class_list":{"0":"post-4810","1":"product","2":"type-product","3":"status-publish","4":"has-post-thumbnail","6":"product_cat-mastics","7":"product_cat-mastics-silicones","8":"product_cat-consommable","9":"product_tag-acetique","10":"product_tag-mastic","11":"product_tag-silicone-sanitaire","12":"product_tag-xhander","14":"first","15":"instock","16":"taxable","17":"shipping-taxable","18":"purchasable","19":"product-type-simple"},"_links":{"self":[{"href":"http:\/\/s350233878.onlinehome.fr\/index.php\/wp-json\/wp\/v2\/product\/4810","targetHints":{"allow":["GET"]}}],"collection":[{"href":"http:\/\/s350233878.onlinehome.fr\/index.php\/wp-json\/wp\/v2\/product"}],"about":[{"href":"http:\/\/s350233878.onlinehome.fr\/index.php\/wp-json\/wp\/v2\/types\/product"}],"wp:featuredmedia":[{"embeddable":true,"href":"http:\/\/s350233878.onlinehome.fr\/index.php\/wp-json\/wp\/v2\/media\/4805"}],"wp:attachment":[{"href":"http:\/\/s350233878.onlinehome.fr\/index.php\/wp-json\/wp\/v2\/media?parent=4810"}],"wp:term":[{"taxonomy":"product_cat","embeddable":true,"href":"http:\/\/s350233878.onlinehome.fr\/index.php\/wp-json\/wp\/v2\/product_cat?post=4810"},{"taxonomy":"product_tag","embeddable":true,"href":"http:\/\/s350233878.onlinehome.fr\/index.php\/wp-json\/wp\/v2\/product_tag?post=4810"}],"curies":[{"name":"wp","href":"https:\/\/api.w.org\/{rel}","templated":true}]}}