{"id":4781,"date":"2024-02-01T14:50:41","date_gmt":"2024-02-01T13:50:41","guid":{"rendered":"https:\/\/vtbati.fr\/vtbati\/?post_type=product&#038;p=4781"},"modified":"2024-02-01T14:50:43","modified_gmt":"2024-02-01T13:50:43","slug":"soudal-mastic-acrylique-acryrub-exterieur-facade-300-ml-blanc","status":"publish","type":"product","link":"http:\/\/s350233878.onlinehome.fr\/index.php\/produit\/soudal-mastic-acrylique-acryrub-exterieur-facade-300-ml-blanc\/","title":{"rendered":"SOUDAL &#8211; Mastic acrylique ACRYRUB EXTERIEUR FACADE+ &#8211; 300 ml &#8211; blanc"},"content":{"rendered":"<div class=\"attribute product sku\"><span class=\"type\">R\u00e9f. PROLIANS :<\/span>\u00a0<span class=\"value\" data-bind=\"text: selectedArticleSku\">47071054<\/span><\/div>\n<div class=\"attribute product ref\"><span class=\"type\">R\u00e9f. fabricant :<\/span>\u00a0<span class=\"value\" data-bind=\"text: getReferenceCode()\">120663<\/span><\/div>\n<div>Mastic acrylique monocomposant.<br \/>\nHaute r\u00e9sistance \u00e0 l\u2019humidit\u00e9, m\u00eame directement apr\u00e8s sa pose, tr\u00e8s bonne r\u00e9sistance au vieillissement climatique, peut se peindre avec la plupart des peintures.<\/div>\n","protected":false},"excerpt":{"rendered":"<p>R\u00e9f. PROLIANS :\u00a047071054 R\u00e9f. fabricant :\u00a0120663 Mastic acrylique monocomposant. Haute r\u00e9sistance \u00e0 l\u2019humidit\u00e9, m\u00eame directement apr\u00e8s sa pose, tr\u00e8s bonne r\u00e9sistance au vieillissement climatique, peut se peindre avec la plupart&hellip;<\/p>\n","protected":false},"featured_media":4782,"template":"","meta":[],"product_cat":[1099,1100,23],"product_tag":[1139,1134,707,1140,1133],"class_list":{"0":"post-4781","1":"product","2":"type-product","3":"status-publish","4":"has-post-thumbnail","6":"product_cat-mastics","7":"product_cat-mastics-acryliques","8":"product_cat-consommable","9":"product_tag-300-ml","10":"product_tag-acryrub","11":"product_tag-blanc","12":"product_tag-exterieur-facade","13":"product_tag-mastic-acrylique","15":"first","16":"instock","17":"taxable","18":"shipping-taxable","19":"purchasable","20":"product-type-simple"},"_links":{"self":[{"href":"http:\/\/s350233878.onlinehome.fr\/index.php\/wp-json\/wp\/v2\/product\/4781","targetHints":{"allow":["GET"]}}],"collection":[{"href":"http:\/\/s350233878.onlinehome.fr\/index.php\/wp-json\/wp\/v2\/product"}],"about":[{"href":"http:\/\/s350233878.onlinehome.fr\/index.php\/wp-json\/wp\/v2\/types\/product"}],"wp:featuredmedia":[{"embeddable":true,"href":"http:\/\/s350233878.onlinehome.fr\/index.php\/wp-json\/wp\/v2\/media\/4782"}],"wp:attachment":[{"href":"http:\/\/s350233878.onlinehome.fr\/index.php\/wp-json\/wp\/v2\/media?parent=4781"}],"wp:term":[{"taxonomy":"product_cat","embeddable":true,"href":"http:\/\/s350233878.onlinehome.fr\/index.php\/wp-json\/wp\/v2\/product_cat?post=4781"},{"taxonomy":"product_tag","embeddable":true,"href":"http:\/\/s350233878.onlinehome.fr\/index.php\/wp-json\/wp\/v2\/product_tag?post=4781"}],"curies":[{"name":"wp","href":"https:\/\/api.w.org\/{rel}","templated":true}]}}