{"id":4778,"date":"2024-02-01T14:35:47","date_gmt":"2024-02-01T13:35:47","guid":{"rendered":"https:\/\/vtbati.fr\/vtbati\/?post_type=product&#038;p=4778"},"modified":"2024-02-01T14:35:49","modified_gmt":"2024-02-01T13:35:49","slug":"sika-mastic-acrylique-sikaseal-107-fr-joint-et-fissure-300-ml-blanc","status":"publish","type":"product","link":"http:\/\/s350233878.onlinehome.fr\/index.php\/produit\/sika-mastic-acrylique-sikaseal-107-fr-joint-et-fissure-300-ml-blanc\/","title":{"rendered":"SIKA &#8211; Mastic acrylique SIKASEAL-107 FR JOINT ET FISSURE &#8211; 300 ml &#8211; blanc"},"content":{"rendered":"<div class=\"attribute product sku\"><span class=\"type\">R\u00e9f. PROLIANS :<\/span>\u00a0<span class=\"value\" data-bind=\"text: selectedArticleSku\">68572991<\/span><\/div>\n<div class=\"attribute product ref\"><span class=\"type\">R\u00e9f. fabricant :<\/span>\u00a0<span class=\"value\" data-bind=\"text: getReferenceCode()\">SIKASEAL-107 FR JOINT ET FISSURE<\/span><\/div>\n<div>Bonne adh\u00e9rence sur b\u00e9ton, mortier de ciment, pl\u00e2tre, pvc, bois et certains aluminium.<br \/>\nPeut \u00eatre peint (faire un essai pr\u00e9alable).<br \/>\nDomaines d&rsquo;application :<br \/>\nFissure et calfeutrement \u00e0 l&rsquo;int\u00e9rieur et \u00e0 l&rsquo;ext\u00e9rieur,<br \/>\nJoints int\u00e9reurs de menuiserie en PVC,<br \/>\nJoints int\u00e9reurs et ext\u00e9rieurs de menuiseries en aluminium ou bois,<br \/>\nJoints en pr\u00e9fabrication l\u00e9g\u00e8re,<br \/>\nJoints \u00e0 2 \u00e9tages en pr\u00e9fabrication lourde et ma\u00e7onneries traditionnelle.<\/div>\n","protected":false},"excerpt":{"rendered":"<p>R\u00e9f. PROLIANS :\u00a068572991 R\u00e9f. fabricant :\u00a0SIKASEAL-107 FR JOINT ET FISSURE Bonne adh\u00e9rence sur b\u00e9ton, mortier de ciment, pl\u00e2tre, pvc, bois et certains aluminium. Peut \u00eatre peint (faire un essai pr\u00e9alable).&hellip;<\/p>\n","protected":false},"featured_media":4779,"template":"","meta":[],"product_cat":[1099,1100,23],"product_tag":[1137,1139,707,1138,1133,1136],"class_list":{"0":"post-4778","1":"product","2":"type-product","3":"status-publish","4":"has-post-thumbnail","6":"product_cat-mastics","7":"product_cat-mastics-acryliques","8":"product_cat-consommable","9":"product_tag-107-fr","10":"product_tag-300-ml","11":"product_tag-blanc","12":"product_tag-joint-et-fissure","13":"product_tag-mastic-acrylique","14":"product_tag-sikaseal","16":"first","17":"instock","18":"taxable","19":"shipping-taxable","20":"purchasable","21":"product-type-simple"},"_links":{"self":[{"href":"http:\/\/s350233878.onlinehome.fr\/index.php\/wp-json\/wp\/v2\/product\/4778","targetHints":{"allow":["GET"]}}],"collection":[{"href":"http:\/\/s350233878.onlinehome.fr\/index.php\/wp-json\/wp\/v2\/product"}],"about":[{"href":"http:\/\/s350233878.onlinehome.fr\/index.php\/wp-json\/wp\/v2\/types\/product"}],"wp:featuredmedia":[{"embeddable":true,"href":"http:\/\/s350233878.onlinehome.fr\/index.php\/wp-json\/wp\/v2\/media\/4779"}],"wp:attachment":[{"href":"http:\/\/s350233878.onlinehome.fr\/index.php\/wp-json\/wp\/v2\/media?parent=4778"}],"wp:term":[{"taxonomy":"product_cat","embeddable":true,"href":"http:\/\/s350233878.onlinehome.fr\/index.php\/wp-json\/wp\/v2\/product_cat?post=4778"},{"taxonomy":"product_tag","embeddable":true,"href":"http:\/\/s350233878.onlinehome.fr\/index.php\/wp-json\/wp\/v2\/product_tag?post=4778"}],"curies":[{"name":"wp","href":"https:\/\/api.w.org\/{rel}","templated":true}]}}