{"id":4645,"date":"2024-01-03T15:39:48","date_gmt":"2024-01-03T14:39:48","guid":{"rendered":"https:\/\/vtbati.fr\/vtbati\/?post_type=product&#038;p=4645"},"modified":"2024-01-03T15:39:50","modified_gmt":"2024-01-03T14:39:50","slug":"midi-kit-tube-de-depart-pour-portail-battant-3500-20k","status":"publish","type":"product","link":"http:\/\/s350233878.onlinehome.fr\/index.php\/produit\/midi-kit-tube-de-depart-pour-portail-battant-3500-20k\/","title":{"rendered":"MIDI &#8211; Kit tube de d\u00e9part pour portail battant 3500\/20K"},"content":{"rendered":"","protected":false},"excerpt":{"rendered":"<div>Composition :<br \/>\nTube de d\u00e9part pr\u00e9-entaill\u00e9 acier brut.<br \/>\nAxe \u00e0 20 mm.<br \/>\n40 x 40 x 2 mm.<br \/>\nHauteur : 2100 mm.<br \/>\nLivr\u00e9 avec serrure, b\u00e9quilles, rosaces et cylindre avec 3 cl\u00e9s.<\/div>\n<div><\/div>\n<div class=\"attribute product code-p\"><span class=\"type\">Code P :<\/span>\u00a0<span class=\"value\">P790CIN<\/span><\/div>\n<div class=\"attribute product sku\"><span class=\"type\">R\u00e9f. PRO :<\/span>\u00a0<span class=\"value\" data-bind=\"text: selectedArticleSku\">55759944<\/span><\/div>\n<div class=\"attribute product ref\"><span class=\"type\">R\u00e9f. fab:<\/span>\u00a0<span class=\"value\" data-bind=\"text: getReferenceCode()\">3500\/25K<\/span><\/div>\n","protected":false},"featured_media":4647,"template":"","meta":[],"product_cat":[1011,1012,16],"product_tag":[1079,1077,1078],"class_list":{"0":"post-4645","1":"product","2":"type-product","3":"status-publish","4":"has-post-thumbnail","6":"product_cat-quincaillerie-du-portail-serrures-et-garnitures","7":"product_cat-quincaillerie-du-volet-garnitures-et-accessoires","8":"product_cat-quincaillerie","9":"product_tag-3500-20k","10":"product_tag-kit-tube-de-depart","11":"product_tag-portail-battant","13":"first","14":"instock","15":"taxable","16":"shipping-taxable","17":"purchasable","18":"product-type-simple"},"_links":{"self":[{"href":"http:\/\/s350233878.onlinehome.fr\/index.php\/wp-json\/wp\/v2\/product\/4645","targetHints":{"allow":["GET"]}}],"collection":[{"href":"http:\/\/s350233878.onlinehome.fr\/index.php\/wp-json\/wp\/v2\/product"}],"about":[{"href":"http:\/\/s350233878.onlinehome.fr\/index.php\/wp-json\/wp\/v2\/types\/product"}],"wp:featuredmedia":[{"embeddable":true,"href":"http:\/\/s350233878.onlinehome.fr\/index.php\/wp-json\/wp\/v2\/media\/4647"}],"wp:attachment":[{"href":"http:\/\/s350233878.onlinehome.fr\/index.php\/wp-json\/wp\/v2\/media?parent=4645"}],"wp:term":[{"taxonomy":"product_cat","embeddable":true,"href":"http:\/\/s350233878.onlinehome.fr\/index.php\/wp-json\/wp\/v2\/product_cat?post=4645"},{"taxonomy":"product_tag","embeddable":true,"href":"http:\/\/s350233878.onlinehome.fr\/index.php\/wp-json\/wp\/v2\/product_tag?post=4645"}],"curies":[{"name":"wp","href":"https:\/\/api.w.org\/{rel}","templated":true}]}}