{"id":4217,"date":"2023-12-14T16:28:01","date_gmt":"2023-12-14T15:28:01","guid":{"rendered":"https:\/\/vtbati.fr\/vtbati\/?post_type=product&#038;p=4217"},"modified":"2023-12-14T16:28:04","modified_gmt":"2023-12-14T15:28:04","slug":"thirard-entrebailleur-fenetre-614-acier-blanc","status":"publish","type":"product","link":"http:\/\/s350233878.onlinehome.fr\/index.php\/produit\/thirard-entrebailleur-fenetre-614-acier-blanc\/","title":{"rendered":"THIRARD &#8211; Entreb\u00e2illeur fen\u00eatre 614 acier &#8211; blanc"},"content":{"rendered":"","protected":false},"excerpt":{"rendered":"<div class=\"attribute product sku\">Avec 1\/2 cylindre profil\u00e9 europ\u00e9en pour verrouillage, 3 cl\u00e9s.<br \/>\nEntreb\u00e2illage pour tous types de fen\u00eatres et porte-fen\u00eatres.<br \/>\nCorps alliage moul\u00e9.<br \/>\nP\u00eane acier nickel\u00e9.<br \/>\nBras acier nickel satin.<\/div>\n<div><\/div>\n<div class=\"attribute product sku\"><span class=\"type\">R\u00e9f. PRO :<\/span>\u00a0<span class=\"value\" data-bind=\"text: selectedArticleSku\">53734979<\/span><\/div>\n<div class=\"attribute product ref\"><span class=\"type\">R\u00e9f. fab :<\/span>\u00a0<span class=\"value\" data-bind=\"text: getReferenceCode()\">00061401<\/span><\/div>\n","protected":false},"featured_media":4219,"template":"","meta":[],"product_cat":[672,667,16],"product_tag":[805,804,753,803],"class_list":{"0":"post-4217","1":"product","2":"type-product","3":"status-publish","4":"has-post-thumbnail","6":"product_cat-garnitures-de-fenetres-et-accessoires","7":"product_cat-garnitures-de-portes-et-fenetres","8":"product_cat-quincaillerie","9":"product_tag-805","10":"product_tag-acier-blanc","11":"product_tag-entrebailleur","12":"product_tag-entrebailleur-fenetre","14":"first","15":"instock","16":"taxable","17":"shipping-taxable","18":"purchasable","19":"product-type-simple"},"_links":{"self":[{"href":"http:\/\/s350233878.onlinehome.fr\/index.php\/wp-json\/wp\/v2\/product\/4217","targetHints":{"allow":["GET"]}}],"collection":[{"href":"http:\/\/s350233878.onlinehome.fr\/index.php\/wp-json\/wp\/v2\/product"}],"about":[{"href":"http:\/\/s350233878.onlinehome.fr\/index.php\/wp-json\/wp\/v2\/types\/product"}],"wp:featuredmedia":[{"embeddable":true,"href":"http:\/\/s350233878.onlinehome.fr\/index.php\/wp-json\/wp\/v2\/media\/4219"}],"wp:attachment":[{"href":"http:\/\/s350233878.onlinehome.fr\/index.php\/wp-json\/wp\/v2\/media?parent=4217"}],"wp:term":[{"taxonomy":"product_cat","embeddable":true,"href":"http:\/\/s350233878.onlinehome.fr\/index.php\/wp-json\/wp\/v2\/product_cat?post=4217"},{"taxonomy":"product_tag","embeddable":true,"href":"http:\/\/s350233878.onlinehome.fr\/index.php\/wp-json\/wp\/v2\/product_tag?post=4217"}],"curies":[{"name":"wp","href":"https:\/\/api.w.org\/{rel}","templated":true}]}}