{"id":4212,"date":"2023-12-14T15:59:17","date_gmt":"2023-12-14T14:59:17","guid":{"rendered":"https:\/\/vtbati.fr\/vtbati\/?post_type=product&#038;p=4212"},"modified":"2023-12-14T15:59:18","modified_gmt":"2023-12-14T14:59:18","slug":"inox20import20system-poignee-et-bouton-de-fenetre-a-cle-languedoc","status":"publish","type":"product","link":"http:\/\/s350233878.onlinehome.fr\/index.php\/produit\/inox20import20system-poignee-et-bouton-de-fenetre-a-cle-languedoc\/","title":{"rendered":"INOX20IMPORT20SYSTEM &#8211; Poign\u00e9e et bouton de fen\u00eatre \u00e0 cl\u00e9 LANGUEDOC"},"content":{"rendered":"","protected":false},"excerpt":{"rendered":"<div>Poign\u00e9e de fen\u00eatre LANGUEDOC sans carr\u00e9 ni vis.<br \/>\nLivr\u00e9 avec carr\u00e9 7X35 \/ Sans vis<\/div>\n<div><\/div>\n<div class=\"attribute product code-p\"><span class=\"type\">Code P :<\/span>\u00a0<span class=\"value\">P79UJL8<\/span><\/div>\n<div class=\"attribute product sku\"><span class=\"type\">R\u00e9f. PRO :<\/span>\u00a0<span class=\"value\" data-bind=\"text: selectedArticleSku\">66581853<\/span><\/div>\n<div class=\"attribute product ref\"><span class=\"type\">R\u00e9f. fab :<\/span>\u00a0<span class=\"value\" data-bind=\"text: getReferenceCode()\">1025<\/span><\/div>\n","protected":false},"featured_media":4213,"template":"","meta":[],"product_cat":[672,667,16],"product_tag":[802,801,800],"class_list":{"0":"post-4212","1":"product","2":"type-product","3":"status-publish","4":"has-post-thumbnail","6":"product_cat-garnitures-de-fenetres-et-accessoires","7":"product_cat-garnitures-de-portes-et-fenetres","8":"product_cat-quincaillerie","9":"product_tag-a-cle","10":"product_tag-bouton-de-fenetre","11":"product_tag-poignee","13":"first","14":"instock","15":"taxable","16":"shipping-taxable","17":"purchasable","18":"product-type-simple"},"_links":{"self":[{"href":"http:\/\/s350233878.onlinehome.fr\/index.php\/wp-json\/wp\/v2\/product\/4212","targetHints":{"allow":["GET"]}}],"collection":[{"href":"http:\/\/s350233878.onlinehome.fr\/index.php\/wp-json\/wp\/v2\/product"}],"about":[{"href":"http:\/\/s350233878.onlinehome.fr\/index.php\/wp-json\/wp\/v2\/types\/product"}],"wp:featuredmedia":[{"embeddable":true,"href":"http:\/\/s350233878.onlinehome.fr\/index.php\/wp-json\/wp\/v2\/media\/4213"}],"wp:attachment":[{"href":"http:\/\/s350233878.onlinehome.fr\/index.php\/wp-json\/wp\/v2\/media?parent=4212"}],"wp:term":[{"taxonomy":"product_cat","embeddable":true,"href":"http:\/\/s350233878.onlinehome.fr\/index.php\/wp-json\/wp\/v2\/product_cat?post=4212"},{"taxonomy":"product_tag","embeddable":true,"href":"http:\/\/s350233878.onlinehome.fr\/index.php\/wp-json\/wp\/v2\/product_tag?post=4212"}],"curies":[{"name":"wp","href":"https:\/\/api.w.org\/{rel}","templated":true}]}}