{"id":4096,"date":"2023-12-13T16:44:21","date_gmt":"2023-12-13T15:44:21","guid":{"rendered":"https:\/\/vtbati.fr\/vtbati\/?post_type=product&#038;p=4096"},"modified":"2023-12-13T16:44:23","modified_gmt":"2023-12-13T15:44:23","slug":"vachette-ensemble-paliere-de-securite-muze-4075-6330-sur-grande-plaque-entraxe-195-mm-fonction-cle-i-epaisseur-de-porte-40-mm","status":"publish","type":"product","link":"http:\/\/s350233878.onlinehome.fr\/index.php\/produit\/vachette-ensemble-paliere-de-securite-muze-4075-6330-sur-grande-plaque-entraxe-195-mm-fonction-cle-i-epaisseur-de-porte-40-mm\/","title":{"rendered":"VACHETTE &#8211; Ensemble pali\u00e8re &#038; de s\u00e9curit\u00e9 MUZE 4075\/6330 sur grande plaque (entraxe 195 mm) &#8211; Fonction : cl\u00e9 I &#8211; \u00c9paisseur de porte : 40 mm"},"content":{"rendered":"","protected":false},"excerpt":{"rendered":"<div><strong>Protecteur de cylindre auto-adptable brevet\u00e9.<br \/>\nCompatible avec les ensembles Muze et Artis pour portes int\u00e9rieures.<\/strong><\/p>\n<p>Pour porte \u00e9paisseur standard de 40 mm et serrure entraxe 70 mm. Fourni avec tige carr\u00e9e de 7 mm et vis de fixation (autres configurations sur demande).<br \/>\nEntraxe de fixation 195 mm par 2 vis M6 traversantes (fixation invisible des 2 c\u00f4t\u00e9s).<br \/>\nPiliers anti-percement.<br \/>\nFinitions :<br \/>\nChrom\u00e9 velours<br \/>\nDiamant noir et platine (sur demande).<\/p><\/div>\n<div><\/div>\n<div class=\"attribute product sku\"><span class=\"type\">R\u00e9f. PRO :<\/span>\u00a0<span class=\"value\" data-bind=\"text: selectedArticleSku\">57089415<\/span><\/div>\n<div class=\"attribute product ref\"><span class=\"type\">R\u00e9f. fab :<\/span>\u00a0<span class=\"value\" data-bind=\"text: getReferenceCode()\">201067<\/span><\/div>\n","protected":false},"featured_media":4098,"template":"","meta":[],"product_cat":[669,667,16],"product_tag":[697,679,715,728,675,727,719],"class_list":{"0":"post-4096","1":"product","2":"type-product","3":"status-publish","4":"has-post-thumbnail","6":"product_cat-ensembles-de-portes-specifiques","7":"product_cat-garnitures-de-portes-et-fenetres","8":"product_cat-quincaillerie","9":"product_tag-ensemble","10":"product_tag-entraxe-195-mm","11":"product_tag-epaisseur-de-porte-40-mm","12":"product_tag-fonction-cle-i","13":"product_tag-grande-plaque","14":"product_tag-muze-4075-6330","15":"product_tag-paliere-de-securite","17":"first","18":"instock","19":"taxable","20":"shipping-taxable","21":"purchasable","22":"product-type-simple"},"_links":{"self":[{"href":"http:\/\/s350233878.onlinehome.fr\/index.php\/wp-json\/wp\/v2\/product\/4096","targetHints":{"allow":["GET"]}}],"collection":[{"href":"http:\/\/s350233878.onlinehome.fr\/index.php\/wp-json\/wp\/v2\/product"}],"about":[{"href":"http:\/\/s350233878.onlinehome.fr\/index.php\/wp-json\/wp\/v2\/types\/product"}],"wp:featuredmedia":[{"embeddable":true,"href":"http:\/\/s350233878.onlinehome.fr\/index.php\/wp-json\/wp\/v2\/media\/4098"}],"wp:attachment":[{"href":"http:\/\/s350233878.onlinehome.fr\/index.php\/wp-json\/wp\/v2\/media?parent=4096"}],"wp:term":[{"taxonomy":"product_cat","embeddable":true,"href":"http:\/\/s350233878.onlinehome.fr\/index.php\/wp-json\/wp\/v2\/product_cat?post=4096"},{"taxonomy":"product_tag","embeddable":true,"href":"http:\/\/s350233878.onlinehome.fr\/index.php\/wp-json\/wp\/v2\/product_tag?post=4096"}],"curies":[{"name":"wp","href":"https:\/\/api.w.org\/{rel}","templated":true}]}}