{"id":3992,"date":"2023-12-13T10:28:26","date_gmt":"2023-12-13T09:28:26","guid":{"rendered":"https:\/\/vtbati.fr\/vtbati\/?post_type=product&#038;p=3992"},"modified":"2023-12-13T10:29:18","modified_gmt":"2023-12-13T09:29:18","slug":"ferco-compas-pour-ferme-imposte-k-15248-00-ventus","status":"publish","type":"product","link":"http:\/\/s350233878.onlinehome.fr\/index.php\/produit\/ferco-compas-pour-ferme-imposte-k-15248-00-ventus\/","title":{"rendered":"FERCO &#8211; Compas pour ferme imposte K-15248-00 Ventus"},"content":{"rendered":"","protected":false},"excerpt":{"rendered":"<p><strong>Ferme-imposte \u00e0 tringle avec cha\u00eene de liaison.<\/strong><\/p>\n<p>Ouverture pour l&rsquo;a\u00e9ration de 200 mm.<br \/>\nLimite d&rsquo;utilisation :<br \/>\n&#8211; Avec 1 compas &gt; 1200 mm maxi.<br \/>\n&#8211; Avec 2 compas &gt; 2400 mm maxi.<br \/>\nComposition de la bo\u00eete de base :<br \/>\n&#8211; 1 poign\u00e9e \u00e0 levier.<br \/>\n&#8211; 1 palier d&rsquo;accrochage r\u00e9glable, 3 guides de tringle, 1 carter \u00e0 cha\u00eene, 1 cache pour carter et 1 bouchon d\u2019extr\u00e9mit\u00e9 de tringle.<br \/>\n&#8211; Compas avec accrochage automatique.<br \/>\n&#8211; La tringle et le profil \u00e0 recouvrement sont \u00e0 commander s\u00e9par\u00e9ment.<br \/>\n&#8211; Finitions : argent, laqu\u00e9 noir ou laqu\u00e9 blanc.<\/p>\n<div class=\"attribute product code-p\"><span class=\"type\">Code P :<\/span>\u00a0<span class=\"value\">P790AF4<\/span><\/div>\n<div class=\"attribute product sku\"><span class=\"type\">R\u00e9f. PRO :<\/span>\u00a0<span class=\"value\" data-bind=\"text: selectedArticleSku\">13942021<\/span><\/div>\n<div class=\"attribute product ref\"><span class=\"type\">R\u00e9f. fab :<\/span>\u00a0<span class=\"value\" data-bind=\"text: getReferenceCode()\">K-15248-00-0-7<\/span><\/div>\n","protected":false},"featured_media":3993,"template":"","meta":[],"product_cat":[617,613,16],"product_tag":[654,655,657,658],"class_list":{"0":"post-3992","1":"product","2":"type-product","3":"status-publish","4":"has-post-thumbnail","6":"product_cat-ferme-impostes-et-accessoires","7":"product_cat-ferme-portes-aide-a-la-fermeture-des-portes-et-fenetres","8":"product_cat-quincaillerie","9":"product_tag-compas","10":"product_tag-ferme-imposte","11":"product_tag-k-15248-00","12":"product_tag-ventus","14":"first","15":"instock","16":"taxable","17":"shipping-taxable","18":"purchasable","19":"product-type-simple"},"_links":{"self":[{"href":"http:\/\/s350233878.onlinehome.fr\/index.php\/wp-json\/wp\/v2\/product\/3992","targetHints":{"allow":["GET"]}}],"collection":[{"href":"http:\/\/s350233878.onlinehome.fr\/index.php\/wp-json\/wp\/v2\/product"}],"about":[{"href":"http:\/\/s350233878.onlinehome.fr\/index.php\/wp-json\/wp\/v2\/types\/product"}],"wp:featuredmedia":[{"embeddable":true,"href":"http:\/\/s350233878.onlinehome.fr\/index.php\/wp-json\/wp\/v2\/media\/3993"}],"wp:attachment":[{"href":"http:\/\/s350233878.onlinehome.fr\/index.php\/wp-json\/wp\/v2\/media?parent=3992"}],"wp:term":[{"taxonomy":"product_cat","embeddable":true,"href":"http:\/\/s350233878.onlinehome.fr\/index.php\/wp-json\/wp\/v2\/product_cat?post=3992"},{"taxonomy":"product_tag","embeddable":true,"href":"http:\/\/s350233878.onlinehome.fr\/index.php\/wp-json\/wp\/v2\/product_tag?post=3992"}],"curies":[{"name":"wp","href":"https:\/\/api.w.org\/{rel}","templated":true}]}}