{"id":3969,"date":"2023-12-13T09:59:03","date_gmt":"2023-12-13T08:59:03","guid":{"rendered":"https:\/\/vtbati.fr\/vtbati\/?post_type=product&#038;p=3969"},"modified":"2023-12-13T09:59:05","modified_gmt":"2023-12-13T08:59:05","slug":"xhander-pivot-reglable-haut-et-bas-a-souder-xhander-50-mm","status":"publish","type":"product","link":"http:\/\/s350233878.onlinehome.fr\/index.php\/produit\/xhander-pivot-reglable-haut-et-bas-a-souder-xhander-50-mm\/","title":{"rendered":"XHANDER &#8211; Pivot r\u00e9glable haut et bas \u00e0 souder XHANDER &#8211; 50 mm"},"content":{"rendered":"","protected":false},"excerpt":{"rendered":"<p>Pivot r\u00e9glable avec patte \u00e0 souder pour portails battants lourds automatis\u00e9s ou manuels comprenant pivot haut et bas.<br \/>\nAvec roulement et graisseur.<\/p>\n<div class=\"attribute product sku\"><span class=\"type\">R\u00e9f. PRO :<\/span>\u00a0<span class=\"value\" data-bind=\"text: selectedArticleSku\">68998220<\/span><\/div>\n<div class=\"attribute product ref\"><span class=\"type\">R\u00e9f. fab :<\/span>\u00a0<span class=\"value\" data-bind=\"text: getReferenceCode()\">XH-051<\/span><\/div>\n","protected":false},"featured_media":3971,"template":"","meta":[],"product_cat":[613,615,16],"product_tag":[644,643,642,640,641],"class_list":{"0":"post-3969","1":"product","2":"type-product","3":"status-publish","4":"has-post-thumbnail","6":"product_cat-ferme-portes-aide-a-la-fermeture-des-portes-et-fenetres","7":"product_cat-pivots-de-porte-et-accessoires","8":"product_cat-quincaillerie","9":"product_tag-50-mm","10":"product_tag-a-souder","11":"product_tag-haut-et-bas","12":"product_tag-pivot","13":"product_tag-reglable","15":"first","16":"instock","17":"taxable","18":"shipping-taxable","19":"purchasable","20":"product-type-simple"},"_links":{"self":[{"href":"http:\/\/s350233878.onlinehome.fr\/index.php\/wp-json\/wp\/v2\/product\/3969","targetHints":{"allow":["GET"]}}],"collection":[{"href":"http:\/\/s350233878.onlinehome.fr\/index.php\/wp-json\/wp\/v2\/product"}],"about":[{"href":"http:\/\/s350233878.onlinehome.fr\/index.php\/wp-json\/wp\/v2\/types\/product"}],"wp:featuredmedia":[{"embeddable":true,"href":"http:\/\/s350233878.onlinehome.fr\/index.php\/wp-json\/wp\/v2\/media\/3971"}],"wp:attachment":[{"href":"http:\/\/s350233878.onlinehome.fr\/index.php\/wp-json\/wp\/v2\/media?parent=3969"}],"wp:term":[{"taxonomy":"product_cat","embeddable":true,"href":"http:\/\/s350233878.onlinehome.fr\/index.php\/wp-json\/wp\/v2\/product_cat?post=3969"},{"taxonomy":"product_tag","embeddable":true,"href":"http:\/\/s350233878.onlinehome.fr\/index.php\/wp-json\/wp\/v2\/product_tag?post=3969"}],"curies":[{"name":"wp","href":"https:\/\/api.w.org\/{rel}","templated":true}]}}