{"id":3960,"date":"2023-12-11T16:52:18","date_gmt":"2023-12-11T15:52:18","guid":{"rendered":"https:\/\/vtbati.fr\/vtbati\/?post_type=product&#038;p=3960"},"modified":"2023-12-11T16:52:21","modified_gmt":"2023-12-11T15:52:21","slug":"locinox-charniere-et-paumelle-a-ressort-puma","status":"publish","type":"product","link":"http:\/\/s350233878.onlinehome.fr\/index.php\/produit\/locinox-charniere-et-paumelle-a-ressort-puma\/","title":{"rendered":"LOCINOX &#8211; Charni\u00e8re et paumelle \u00e0 ressort PUMA"},"content":{"rendered":"","protected":false},"excerpt":{"rendered":"<p>La charni\u00e8re Puma est une charni\u00e8re en applique compacte avec un corps en aluminium thermolaqu\u00e9.<br \/>\nSupporte des portes de 1 m de large et un poids de 60 kg.<\/p>\n<div class=\"attribute product code-p\"><span class=\"type\">Code P :<\/span>\u00a0<span class=\"value\">P79395I<\/span><\/div>\n<div class=\"attribute product sku\"><span class=\"type\">R\u00e9f. PRO :<\/span>\u00a0<span class=\"value\" data-bind=\"text: selectedArticleSku\">66579174<\/span><\/div>\n<div class=\"attribute product ref\"><span class=\"type\">R\u00e9f. fab :<\/span>\u00a0<span class=\"value\" data-bind=\"text: getReferenceCode()\">PUMA-ZILV<\/span><\/div>\n","protected":false},"featured_media":3961,"template":"","meta":[],"product_cat":[613,616,16],"product_tag":[625,638,626,639],"class_list":{"0":"post-3960","1":"product","2":"type-product","3":"status-publish","4":"has-post-thumbnail","6":"product_cat-ferme-portes-aide-a-la-fermeture-des-portes-et-fenetres","7":"product_cat-systemes-dassistance-a-la-fermeture-de-portes","8":"product_cat-quincaillerie","9":"product_tag-charniere","10":"product_tag-paumelle","11":"product_tag-paumelle-a-ressort","12":"product_tag-puma","14":"first","15":"instock","16":"taxable","17":"shipping-taxable","18":"purchasable","19":"product-type-simple"},"_links":{"self":[{"href":"http:\/\/s350233878.onlinehome.fr\/index.php\/wp-json\/wp\/v2\/product\/3960","targetHints":{"allow":["GET"]}}],"collection":[{"href":"http:\/\/s350233878.onlinehome.fr\/index.php\/wp-json\/wp\/v2\/product"}],"about":[{"href":"http:\/\/s350233878.onlinehome.fr\/index.php\/wp-json\/wp\/v2\/types\/product"}],"wp:featuredmedia":[{"embeddable":true,"href":"http:\/\/s350233878.onlinehome.fr\/index.php\/wp-json\/wp\/v2\/media\/3961"}],"wp:attachment":[{"href":"http:\/\/s350233878.onlinehome.fr\/index.php\/wp-json\/wp\/v2\/media?parent=3960"}],"wp:term":[{"taxonomy":"product_cat","embeddable":true,"href":"http:\/\/s350233878.onlinehome.fr\/index.php\/wp-json\/wp\/v2\/product_cat?post=3960"},{"taxonomy":"product_tag","embeddable":true,"href":"http:\/\/s350233878.onlinehome.fr\/index.php\/wp-json\/wp\/v2\/product_tag?post=3960"}],"curies":[{"name":"wp","href":"https:\/\/api.w.org\/{rel}","templated":true}]}}