{"id":3900,"date":"2023-12-11T15:49:17","date_gmt":"2023-12-11T14:49:17","guid":{"rendered":"https:\/\/vtbati.fr\/vtbati\/?post_type=product&#038;p=3900"},"modified":"2023-12-11T15:49:19","modified_gmt":"2023-12-11T14:49:19","slug":"vachette-ferme-porte-en-applique-dc140-2-a-4-n","status":"publish","type":"product","link":"http:\/\/s350233878.onlinehome.fr\/index.php\/produit\/vachette-ferme-porte-en-applique-dc140-2-a-4-n\/","title":{"rendered":"VACHETTE &#8211; Ferme-porte en applique DC140 2 \u00e0 4 N"},"content":{"rendered":"","protected":false},"excerpt":{"rendered":"<p>Multiforce EN 2-3 ou 4, par positionnement du corps et\/ou du sabot de bras.<br \/>\nLargeurs de porte jusqu\u2019\u00e0 1100 mm.<br \/>\nAptitude \u00e0 \u00e9quiper un bloc-porte CF\/PF : oui.<br \/>\nConvient aux portes gauches et droites.<br \/>\nPose sur vantail c\u00f4t\u00e9 paumelles ou sur huisserie c\u00f4t\u00e9<br \/>\noppos\u00e9 aux paumelles : ouverture maxi 180\u00b0.<br \/>\nVitesse de fermeture variable entre 180\u00b0 et 15\u00b0.<br \/>\nVitesse de verrouillage variable entre 15\u00b0 et 0\u00b0.<br \/>\nFrein \u00e0 l\u2019ouverture variable au-dessus de 75\u00b0.<\/p>\n<p>Le ferme-porte est livr\u00e9 avec le bras.<\/p>\n<div class=\"attribute product code-p\"><span class=\"type\">Code P :<\/span>\u00a0<span class=\"value\">P79013N<\/span><\/div>\n<div class=\"attribute product sku\"><span class=\"type\">R\u00e9f. PRO :<\/span>\u00a0<span class=\"value\" data-bind=\"text: selectedArticleSku\">65710773<\/span><\/div>\n<div class=\"attribute product ref\"><span class=\"type\">R\u00e9f. fab :<\/span>\u00a0<span class=\"value\" data-bind=\"text: getReferenceCode()\">DC140 DAA &#8211; ARGENT<\/span><\/div>\n","protected":false},"featured_media":3901,"template":"","meta":[],"product_cat":[614,613,16],"product_tag":[624,623,600,618],"class_list":{"0":"post-3900","1":"product","2":"type-product","3":"status-publish","4":"has-post-thumbnail","6":"product_cat-ferme-portes","7":"product_cat-ferme-portes-aide-a-la-fermeture-des-portes-et-fenetres","8":"product_cat-quincaillerie","9":"product_tag-4-n","10":"product_tag-dc140","11":"product_tag-en-applique","12":"product_tag-ferme-porte","14":"first","15":"instock","16":"taxable","17":"shipping-taxable","18":"purchasable","19":"product-type-simple"},"_links":{"self":[{"href":"http:\/\/s350233878.onlinehome.fr\/index.php\/wp-json\/wp\/v2\/product\/3900","targetHints":{"allow":["GET"]}}],"collection":[{"href":"http:\/\/s350233878.onlinehome.fr\/index.php\/wp-json\/wp\/v2\/product"}],"about":[{"href":"http:\/\/s350233878.onlinehome.fr\/index.php\/wp-json\/wp\/v2\/types\/product"}],"wp:featuredmedia":[{"embeddable":true,"href":"http:\/\/s350233878.onlinehome.fr\/index.php\/wp-json\/wp\/v2\/media\/3901"}],"wp:attachment":[{"href":"http:\/\/s350233878.onlinehome.fr\/index.php\/wp-json\/wp\/v2\/media?parent=3900"}],"wp:term":[{"taxonomy":"product_cat","embeddable":true,"href":"http:\/\/s350233878.onlinehome.fr\/index.php\/wp-json\/wp\/v2\/product_cat?post=3900"},{"taxonomy":"product_tag","embeddable":true,"href":"http:\/\/s350233878.onlinehome.fr\/index.php\/wp-json\/wp\/v2\/product_tag?post=3900"}],"curies":[{"name":"wp","href":"https:\/\/api.w.org\/{rel}","templated":true}]}}