{"id":3880,"date":"2023-12-11T15:25:27","date_gmt":"2023-12-11T14:25:27","guid":{"rendered":"https:\/\/vtbati.fr\/vtbati\/?post_type=product&#038;p=3880"},"modified":"2023-12-11T15:25:30","modified_gmt":"2023-12-11T14:25:30","slug":"vachette-ferme-porte-en-applique-dc135-bras-glissiere","status":"publish","type":"product","link":"http:\/\/s350233878.onlinehome.fr\/index.php\/produit\/vachette-ferme-porte-en-applique-dc135-bras-glissiere\/","title":{"rendered":"VACHETTE &#8211; Ferme-porte en applique DC135 bras glissi\u00e8re"},"content":{"rendered":"","protected":false},"excerpt":{"rendered":"<p>Ferme-porte \u00e0 technologie pignon et cr\u00e9maill\u00e8re muni d\u2019un bras \u00e0 glissi\u00e8re.<br \/>\nForce de fermeture fixe 3.<br \/>\nLargeurs de porte jusqu\u2019\u00e0 950 mm.<br \/>\nAptitude \u00e0 \u00e9quiper un bloc-porte CF\/PF : oui.<\/p>\n<p>Le bras \u00e0 glissi\u00e8re est livr\u00e9 avec le ferme-porte.<\/p>\n<div class=\"attribute product code-p\"><span class=\"type\">Code P :<\/span>\u00a0<span class=\"value\">P790DAK<\/span><\/div>\n<div class=\"attribute product sku\"><span class=\"type\">R\u00e9f. PRO :<\/span>\u00a0<span class=\"value\" data-bind=\"text: selectedArticleSku\">58189529<\/span><\/div>\n<div class=\"attribute product ref\"><span class=\"type\">R\u00e9f. fab :<\/span>\u00a0<span class=\"value\" data-bind=\"text: getReferenceCode()\">DC135DAA LOT CDE OUV ARG X90<\/span><\/div>\n","protected":false},"featured_media":3881,"template":"","meta":[],"product_cat":[614,613,16],"product_tag":[620,619,600,618],"class_list":{"0":"post-3880","1":"product","2":"type-product","3":"status-publish","4":"has-post-thumbnail","6":"product_cat-ferme-portes","7":"product_cat-ferme-portes-aide-a-la-fermeture-des-portes-et-fenetres","8":"product_cat-quincaillerie","9":"product_tag-bras-glissiere","10":"product_tag-dc135","11":"product_tag-en-applique","12":"product_tag-ferme-porte","14":"first","15":"instock","16":"taxable","17":"shipping-taxable","18":"purchasable","19":"product-type-simple"},"_links":{"self":[{"href":"http:\/\/s350233878.onlinehome.fr\/index.php\/wp-json\/wp\/v2\/product\/3880","targetHints":{"allow":["GET"]}}],"collection":[{"href":"http:\/\/s350233878.onlinehome.fr\/index.php\/wp-json\/wp\/v2\/product"}],"about":[{"href":"http:\/\/s350233878.onlinehome.fr\/index.php\/wp-json\/wp\/v2\/types\/product"}],"wp:featuredmedia":[{"embeddable":true,"href":"http:\/\/s350233878.onlinehome.fr\/index.php\/wp-json\/wp\/v2\/media\/3881"}],"wp:attachment":[{"href":"http:\/\/s350233878.onlinehome.fr\/index.php\/wp-json\/wp\/v2\/media?parent=3880"}],"wp:term":[{"taxonomy":"product_cat","embeddable":true,"href":"http:\/\/s350233878.onlinehome.fr\/index.php\/wp-json\/wp\/v2\/product_cat?post=3880"},{"taxonomy":"product_tag","embeddable":true,"href":"http:\/\/s350233878.onlinehome.fr\/index.php\/wp-json\/wp\/v2\/product_tag?post=3880"}],"curies":[{"name":"wp","href":"https:\/\/api.w.org\/{rel}","templated":true}]}}