{"id":3862,"date":"2023-12-11T14:33:29","date_gmt":"2023-12-11T13:33:29","guid":{"rendered":"https:\/\/vtbati.fr\/vtbati\/?post_type=product&#038;p=3862"},"modified":"2023-12-11T14:33:31","modified_gmt":"2023-12-11T13:33:31","slug":"la20croisee20ds-cremone-pompier-deesse-6887-a-levier","status":"publish","type":"product","link":"http:\/\/s350233878.onlinehome.fr\/index.php\/produit\/la20croisee20ds-cremone-pompier-deesse-6887-a-levier\/","title":{"rendered":"LA20CROISEE20DS &#8211; Cr\u00e9mone pompier DEESSE 6887 \u00e0 levier"},"content":{"rendered":"","protected":false},"excerpt":{"rendered":"<p>A poign\u00e9e basculante.<\/p>\n<p>Composition :<br \/>\n&#8211; 1 bo\u00eetier<br \/>\n&#8211; 4 guides<br \/>\n&#8211; 1 g\u00e2che basse<br \/>\n&#8211; 1 g\u00e2che haute + 3 cales (\u00e9p. 3 \/ 4 \/ 5mm)<br \/>\nAutres finitions : teintes RAL sp\u00e9ciales sur demande.<br \/>\nTringle \u00e0 commander s\u00e9par\u00e9ment.<br \/>\nLivr\u00e9e avec guides et g\u00e2ches.<\/p>\n<div class=\"attribute product code-p\"><span class=\"type\">Code P :<\/span>\u00a0<span class=\"value\">P7902RR<\/span><\/div>\n<div class=\"attribute product sku\"><span class=\"type\">R\u00e9f. PRO :<\/span>\u00a0<span class=\"value\" data-bind=\"text: selectedArticleSku\">21098256<\/span><\/div>\n<div class=\"attribute product ref\"><span class=\"type\">R\u00e9f. fab :<\/span>\u00a0<span class=\"value\" data-bind=\"text: getReferenceCode()\">DS6887-036<\/span><\/div>\n","protected":false},"featured_media":3863,"template":"","meta":[],"product_cat":[593,16],"product_tag":[610,606,609],"class_list":{"0":"post-3862","1":"product","2":"type-product","3":"status-publish","4":"has-post-thumbnail","6":"product_cat-cremones-pompier","7":"product_cat-quincaillerie","8":"product_tag-a-levier","9":"product_tag-cremone-pompier","10":"product_tag-deesse-6887","12":"first","13":"instock","14":"taxable","15":"shipping-taxable","16":"purchasable","17":"product-type-simple"},"_links":{"self":[{"href":"http:\/\/s350233878.onlinehome.fr\/index.php\/wp-json\/wp\/v2\/product\/3862","targetHints":{"allow":["GET"]}}],"collection":[{"href":"http:\/\/s350233878.onlinehome.fr\/index.php\/wp-json\/wp\/v2\/product"}],"about":[{"href":"http:\/\/s350233878.onlinehome.fr\/index.php\/wp-json\/wp\/v2\/types\/product"}],"wp:featuredmedia":[{"embeddable":true,"href":"http:\/\/s350233878.onlinehome.fr\/index.php\/wp-json\/wp\/v2\/media\/3863"}],"wp:attachment":[{"href":"http:\/\/s350233878.onlinehome.fr\/index.php\/wp-json\/wp\/v2\/media?parent=3862"}],"wp:term":[{"taxonomy":"product_cat","embeddable":true,"href":"http:\/\/s350233878.onlinehome.fr\/index.php\/wp-json\/wp\/v2\/product_cat?post=3862"},{"taxonomy":"product_tag","embeddable":true,"href":"http:\/\/s350233878.onlinehome.fr\/index.php\/wp-json\/wp\/v2\/product_tag?post=3862"}],"curies":[{"name":"wp","href":"https:\/\/api.w.org\/{rel}","templated":true}]}}