{"id":3832,"date":"2023-12-11T11:19:55","date_gmt":"2023-12-11T10:19:55","guid":{"rendered":"https:\/\/vtbati.fr\/vtbati\/?post_type=product&#038;p=3832"},"modified":"2023-12-11T11:24:31","modified_gmt":"2023-12-11T10:24:31","slug":"jpm-module-exterieur-bequille-debrayable-pour-antipanique-en3000","status":"publish","type":"product","link":"http:\/\/s350233878.onlinehome.fr\/index.php\/produit\/jpm-module-exterieur-bequille-debrayable-pour-antipanique-en3000\/","title":{"rendered":"JPM &#8211; Module ext\u00e9rieur b\u00e9quille d\u00e9brayable pour antipanique EN3000"},"content":{"rendered":"","protected":false},"excerpt":{"rendered":"<p><strong>Ouverture par b\u00e9quille r\u00e9versible d\u00e9brayable \u00e0 condamnation<\/strong><br \/>\n\u2022 Compatibles avec les fermetures anti-panique Crossbar 89, Pushbar Alarm, Pushbar 90+ et les fermetures d&rsquo;urgence Europad 179\u2022 Compatibles aussi avec ancienne gamme EN2000\u2022 R\u00e9sistance anti-vandalisme pour les mod\u00e8les \u00e0 b\u00e9quille ou bouton d\u00e9brayable\u2022 Fonction \u00ab cl\u00e9 prisonni\u00e8re \u00bb possible, obligeant au reverrouillage avant retrait de la cl\u00e9 (le choix de cette fonction se fait \u00e0 l&rsquo;installation)\u2022 R\u00e9versible pour portes \u00e0 droite et \u00e0 gauche\u2022 Installation facile : avec demi-cylindre \u00e0 Profil Europ\u00e9en standard de 40 mm pour porte de toute \u00e9paisseur (cylindre \u00e0 commander s\u00e9par\u00e9ment)\u2022 Interchangeabilit\u00e9 du cylindre sans d\u00e9pose de la fermeture anti-panique\u2022 Pour tout type de porte : bois, m\u00e9tal, PVC, aluminium, verre (avec kit sp\u00e9cial)\u2022 Garantie 1 an<\/p>\n<div class=\"attribute product code-p\"><span class=\"type\">Code P :<\/span>\u00a0<span class=\"value\">P790DW2<\/span><\/div>\n<div class=\"attribute product sku\"><span class=\"type\">R\u00e9f. PRO :<\/span>\u00a0<span class=\"value\" data-bind=\"text: selectedArticleSku\">34236631<\/span><\/div>\n<div class=\"attribute product ref\"><span class=\"type\">R\u00e9f. fab :<\/span>\u00a0<span class=\"value\" data-bind=\"text: getReferenceCode()\">EN3000-13-0A<\/span><\/div>\n","protected":false},"featured_media":3833,"template":"","meta":[],"product_cat":[592,16],"product_tag":[596,595,597,594],"class_list":{"0":"post-3832","1":"product","2":"type-product","3":"status-publish","4":"has-post-thumbnail","6":"product_cat-serrures-barres-antipaniques-et-accessoires","7":"product_cat-quincaillerie","8":"product_tag-antipanique","9":"product_tag-bequille-debrayable","10":"product_tag-en3000","11":"product_tag-module-exterieur","13":"first","14":"instock","15":"taxable","16":"shipping-taxable","17":"purchasable","18":"product-type-simple"},"_links":{"self":[{"href":"http:\/\/s350233878.onlinehome.fr\/index.php\/wp-json\/wp\/v2\/product\/3832","targetHints":{"allow":["GET"]}}],"collection":[{"href":"http:\/\/s350233878.onlinehome.fr\/index.php\/wp-json\/wp\/v2\/product"}],"about":[{"href":"http:\/\/s350233878.onlinehome.fr\/index.php\/wp-json\/wp\/v2\/types\/product"}],"wp:featuredmedia":[{"embeddable":true,"href":"http:\/\/s350233878.onlinehome.fr\/index.php\/wp-json\/wp\/v2\/media\/3833"}],"wp:attachment":[{"href":"http:\/\/s350233878.onlinehome.fr\/index.php\/wp-json\/wp\/v2\/media?parent=3832"}],"wp:term":[{"taxonomy":"product_cat","embeddable":true,"href":"http:\/\/s350233878.onlinehome.fr\/index.php\/wp-json\/wp\/v2\/product_cat?post=3832"},{"taxonomy":"product_tag","embeddable":true,"href":"http:\/\/s350233878.onlinehome.fr\/index.php\/wp-json\/wp\/v2\/product_tag?post=3832"}],"curies":[{"name":"wp","href":"https:\/\/api.w.org\/{rel}","templated":true}]}}