{"id":3827,"date":"2023-12-11T11:06:06","date_gmt":"2023-12-11T10:06:06","guid":{"rendered":"https:\/\/vtbati.fr\/vtbati\/?post_type=product&#038;p=3827"},"modified":"2023-12-11T11:06:16","modified_gmt":"2023-12-11T10:06:16","slug":"iseo-verrou-de-surete-3-points-zenith-a-bouton","status":"publish","type":"product","link":"http:\/\/s350233878.onlinehome.fr\/index.php\/produit\/iseo-verrou-de-surete-3-points-zenith-a-bouton\/","title":{"rendered":"ISEO &#8211; Verrou de s\u00fbret\u00e9 3 points ZENITH \u00e0 bouton"},"content":{"rendered":"","protected":false},"excerpt":{"rendered":"<p>Verrou avec 3 points de fermeture : haut , bas et lat\u00e9ral.<br \/>\nLivr\u00e9 avec 3 cl\u00e9s plates.<br \/>\nLivr\u00e9 avec tringles plates acier 22 x 5 mm.<\/p>\n<div class=\"attribute product code-p\"><span class=\"type\">Code P :<\/span>\u00a0<span class=\"value\">P7902FU<\/span><\/div>\n<div class=\"attribute product sku\"><span class=\"type\">R\u00e9f. PRO :<\/span>\u00a0<span class=\"value\" data-bind=\"text: selectedArticleSku\">48637809<\/span><\/div>\n<div class=\"attribute product ref\"><span class=\"type\">R\u00e9f. fab :<\/span>\u00a0<span class=\"value\" data-bind=\"text: getReferenceCode()\">15100451HB3.5<\/span><\/div>\n","protected":false},"featured_media":3828,"template":"","meta":[],"product_cat":[557,564,16],"product_tag":[589,591,588,590],"class_list":{"0":"post-3827","1":"product","2":"type-product","3":"status-publish","4":"has-post-thumbnail","6":"product_cat-serrures-et-cylindres-de-batiment","7":"product_cat-verrous-de-surete","8":"product_cat-quincaillerie","9":"product_tag-3-points","10":"product_tag-a-bouton","11":"product_tag-verrou-de-surete","12":"product_tag-zenith","14":"first","15":"instock","16":"taxable","17":"shipping-taxable","18":"purchasable","19":"product-type-simple"},"_links":{"self":[{"href":"http:\/\/s350233878.onlinehome.fr\/index.php\/wp-json\/wp\/v2\/product\/3827","targetHints":{"allow":["GET"]}}],"collection":[{"href":"http:\/\/s350233878.onlinehome.fr\/index.php\/wp-json\/wp\/v2\/product"}],"about":[{"href":"http:\/\/s350233878.onlinehome.fr\/index.php\/wp-json\/wp\/v2\/types\/product"}],"wp:featuredmedia":[{"embeddable":true,"href":"http:\/\/s350233878.onlinehome.fr\/index.php\/wp-json\/wp\/v2\/media\/3828"}],"wp:attachment":[{"href":"http:\/\/s350233878.onlinehome.fr\/index.php\/wp-json\/wp\/v2\/media?parent=3827"}],"wp:term":[{"taxonomy":"product_cat","embeddable":true,"href":"http:\/\/s350233878.onlinehome.fr\/index.php\/wp-json\/wp\/v2\/product_cat?post=3827"},{"taxonomy":"product_tag","embeddable":true,"href":"http:\/\/s350233878.onlinehome.fr\/index.php\/wp-json\/wp\/v2\/product_tag?post=3827"}],"curies":[{"name":"wp","href":"https:\/\/api.w.org\/{rel}","templated":true}]}}