{"id":337,"date":"2023-11-20T09:20:15","date_gmt":"2023-11-20T08:20:15","guid":{"rendered":"https:\/\/vtbati.fr\/vtbati\/?post_type=product&#038;p=337"},"modified":"2023-11-20T11:42:05","modified_gmt":"2023-11-20T10:42:05","slug":"brise-soleil-orientable","status":"publish","type":"product","link":"http:\/\/s350233878.onlinehome.fr\/index.php\/produit\/brise-soleil-orientable\/","title":{"rendered":"Brise Soleil Orientable"},"content":{"rendered":"","protected":false},"excerpt":{"rendered":"<div class=\"page\" data-page-number=\"17\" data-loaded=\"true\">\n<div class=\"textLayer\">\n<div>Un int\u00e9rieur lumineux en toute ma\u00eetrise !<\/div>\n<div>Les brise-soleil orientables, comme l\u2019indique leur nom, vous permettent d\u2019orienter les lames pour ajuster la luminosit\u00e9 et la temp\u00e9rature de votre int\u00e9rieur.<\/div>\n<div>Ils sont \u00e9tudi\u00e9s pour s\u2019ajuster parfaitement \u00e0 vos fen\u00eatres, baies vitr\u00e9es et v\u00e9randas , et leurs lames sont compos\u00e9es d\u2019aluminium.<\/div>\n<div>Ils se marient avec tous les styles d\u2019habitation et apportent une touche contemporaine \u00e0 votre fa\u00e7ade.<\/div>\n<\/div>\n<div>\n<div><\/div>\n<div>BON \u00c0 SAVOIR<\/div>\n<div>Avec le brise-soleil orientable, vous \u00e9conomisez jusqu\u2019\u00e0 60% sur votre consommation annuelle en climatisation.<\/div>\n<\/div>\n<div class=\"textLayer\">\n<div class=\"endOfContent\"><\/div>\n<\/div>\n<\/div>\n<div class=\"page\" data-page-number=\"18\" data-loaded=\"true\">\n<div class=\"canvasWrapper\"><\/div>\n<div class=\"textLayer\"><\/div>\n<\/div>\n","protected":false},"featured_media":2516,"template":"","meta":[],"product_cat":[22],"product_tag":[532,531,530,533],"class_list":{"0":"post-337","1":"product","2":"type-product","3":"status-publish","4":"has-post-thumbnail","6":"product_cat-menuiseries","7":"product_tag-brise-soleil","8":"product_tag-brise-soleil-orientable","9":"product_tag-bso","10":"product_tag-soleil","12":"first","13":"instock","14":"taxable","15":"shipping-taxable","16":"purchasable","17":"product-type-simple"},"_links":{"self":[{"href":"http:\/\/s350233878.onlinehome.fr\/index.php\/wp-json\/wp\/v2\/product\/337","targetHints":{"allow":["GET"]}}],"collection":[{"href":"http:\/\/s350233878.onlinehome.fr\/index.php\/wp-json\/wp\/v2\/product"}],"about":[{"href":"http:\/\/s350233878.onlinehome.fr\/index.php\/wp-json\/wp\/v2\/types\/product"}],"wp:featuredmedia":[{"embeddable":true,"href":"http:\/\/s350233878.onlinehome.fr\/index.php\/wp-json\/wp\/v2\/media\/2516"}],"wp:attachment":[{"href":"http:\/\/s350233878.onlinehome.fr\/index.php\/wp-json\/wp\/v2\/media?parent=337"}],"wp:term":[{"taxonomy":"product_cat","embeddable":true,"href":"http:\/\/s350233878.onlinehome.fr\/index.php\/wp-json\/wp\/v2\/product_cat?post=337"},{"taxonomy":"product_tag","embeddable":true,"href":"http:\/\/s350233878.onlinehome.fr\/index.php\/wp-json\/wp\/v2\/product_tag?post=337"}],"curies":[{"name":"wp","href":"https:\/\/api.w.org\/{rel}","templated":true}]}}