{"id":323,"date":"2023-06-30T10:54:22","date_gmt":"2023-06-30T08:54:22","guid":{"rendered":"https:\/\/vtbati.fr\/vtbati\/?post_type=product&#038;p=323"},"modified":"2023-06-30T10:54:22","modified_gmt":"2023-06-30T08:54:22","slug":"perceuse-visseuse-sans-fil-solo-ddf484zj","status":"publish","type":"product","link":"http:\/\/s350233878.onlinehome.fr\/index.php\/produit\/perceuse-visseuse-sans-fil-solo-ddf484zj\/","title":{"rendered":"Perceuse-visseuse sans fil solo DDF484ZJ"},"content":{"rendered":"<h2 class=\"dc__title-section\">CARACT\u00c9RISTIQUES\u00a0TECHNIQUES<\/h2>\n<form>\n<ul class=\"attributes data \">\n<li style=\"list-style-type: none;\">\n<ul class=\"attributes data \">\n<li>\n<dl class=\"attribute\">\n<dt class=\"name\">Tension de la batterie<\/dt>\n<dd class=\"value\">18 V<\/dd>\n<\/dl>\n<\/li>\n<li>\n<dl class=\"attribute\">\n<dt class=\"name\">Nombre de batteries<\/dt>\n<dd class=\"value\">0<\/dd>\n<\/dl>\n<\/li>\n<li>\n<dl class=\"attribute\">\n<dt class=\"name\">Capacit\u00e9 de la batterie<\/dt>\n<dd class=\"value\">0 Ah<\/dd>\n<\/dl>\n<\/li>\n<li>\n<dl class=\"attribute\">\n<dt class=\"name\">Chargeur<\/dt>\n<dd class=\"value\">non<\/dd>\n<\/dl>\n<\/li>\n<li>\n<dl class=\"attribute\">\n<dt class=\"name\">Percussion<\/dt>\n<dd class=\"value\">non<\/dd>\n<\/dl>\n<\/li>\n<li>\n<dl class=\"attribute\">\n<dt class=\"name\">Couple maximal<\/dt>\n<dd class=\"value\">54 N.m<\/dd>\n<\/dl>\n<\/li>\n<li>\n<dl class=\"attribute\">\n<dt class=\"name\">R\u00e9gime \u00e0 vide<\/dt>\n<dd class=\"value\">500 \u00e0 2000 tr\/mn<\/dd>\n<\/dl>\n<\/li>\n<li>\n<dl class=\"attribute\">\n<dt class=\"name\">Moteur sans charbon<\/dt>\n<dd class=\"value\">oui<\/dd>\n<\/dl>\n<\/li>\n<li>\n<dl class=\"attribute\">\n<dt class=\"name\">Capacit\u00e9 du mandrin<\/dt>\n<dd class=\"value\">13 mm<\/dd>\n<\/dl>\n<\/li>\n<\/ul>\n<\/li>\n<\/ul>\n<div class=\"attribute product sku\"><span class=\"type\">R\u00e9f. P:<\/span>\u00a0<span class=\"value\" data-bind=\"text: selectedArticleSku\">61423060<\/span><\/div>\n<p>&nbsp;<\/p>\n<div class=\"attribute product ref\"><span class=\"type\">R\u00e9f. fabricant :<\/span>\u00a0<span class=\"value\" data-bind=\"text: getReferenceCode()\">DDF484ZJ<\/span><\/div>\n<div><\/div>\n<div><strong>Moteur Brushless puissant, rapide et compacte (182 mm) pour travaux lourds.<\/strong><br \/>\nRobuste gr\u00e2ce \u00e0 son carter d&rsquo;engrenage en aluminium et sa pignonnerie enti\u00e8rement m\u00e9tallique.<br \/>\nTechnologie XPT limitant les infiltrations d&rsquo;eau et poussi\u00e8res.<br \/>\nDouble \u00e9clairage LED int\u00e9gr\u00e9.<br \/>\nCrochet ceinture positionnable gauche et droite.<br \/>\nPoign\u00e9e \u00e0 rev\u00eatement Soft Grip pour plus de confort.<br \/>\nLivr\u00e9e en coffret MAKPAC 2 avec 1 Moulage MAKPAC, 1 Crochet ceinture<br \/>\nSans batterie ni chargeur<\/div>\n<\/form>\n","protected":false},"excerpt":{"rendered":"<p>CARACT\u00c9RISTIQUES\u00a0TECHNIQUES Tension de la batterie 18 V Nombre de batteries 0 Capacit\u00e9 de la batterie 0 Ah Chargeur non Percussion non Couple maximal 54 N.m R\u00e9gime \u00e0 vide 500 \u00e0&hellip;<\/p>\n","protected":false},"featured_media":324,"template":"","meta":[],"product_cat":[240,160,16],"product_tag":[],"class_list":{"0":"post-323","1":"product","2":"type-product","3":"status-publish","4":"has-post-thumbnail","6":"product_cat-electricite-2","7":"product_cat-outils-electriques-portatifs","8":"product_cat-quincaillerie","10":"first","11":"instock","12":"taxable","13":"shipping-taxable","14":"purchasable","15":"product-type-simple"},"_links":{"self":[{"href":"http:\/\/s350233878.onlinehome.fr\/index.php\/wp-json\/wp\/v2\/product\/323","targetHints":{"allow":["GET"]}}],"collection":[{"href":"http:\/\/s350233878.onlinehome.fr\/index.php\/wp-json\/wp\/v2\/product"}],"about":[{"href":"http:\/\/s350233878.onlinehome.fr\/index.php\/wp-json\/wp\/v2\/types\/product"}],"wp:featuredmedia":[{"embeddable":true,"href":"http:\/\/s350233878.onlinehome.fr\/index.php\/wp-json\/wp\/v2\/media\/324"}],"wp:attachment":[{"href":"http:\/\/s350233878.onlinehome.fr\/index.php\/wp-json\/wp\/v2\/media?parent=323"}],"wp:term":[{"taxonomy":"product_cat","embeddable":true,"href":"http:\/\/s350233878.onlinehome.fr\/index.php\/wp-json\/wp\/v2\/product_cat?post=323"},{"taxonomy":"product_tag","embeddable":true,"href":"http:\/\/s350233878.onlinehome.fr\/index.php\/wp-json\/wp\/v2\/product_tag?post=323"}],"curies":[{"name":"wp","href":"https:\/\/api.w.org\/{rel}","templated":true}]}}