{"id":320,"date":"2023-06-30T10:54:21","date_gmt":"2023-06-30T08:54:21","guid":{"rendered":"https:\/\/vtbati.fr\/vtbati\/?post_type=product&#038;p=320"},"modified":"2023-06-30T10:54:21","modified_gmt":"2023-06-30T08:54:21","slug":"machine-oscillante-sans-fil-dtm51zjx3","status":"publish","type":"product","link":"http:\/\/s350233878.onlinehome.fr\/index.php\/produit\/machine-oscillante-sans-fil-dtm51zjx3\/","title":{"rendered":"Machine oscillante sans fil DTM51ZJX3"},"content":{"rendered":"<h2 class=\"dc__title-section\">CARACT\u00c9RISTIQUES\u00a0TECHNIQUES<\/h2>\n<form>\n<ul class=\"attributes data \">\n<li style=\"list-style-type: none;\">\n<ul class=\"attributes data \">\n<li>\n<dl class=\"attribute\">\n<dt class=\"name\">Tension de la batterie<\/dt>\n<dd class=\"value\">18 V<\/dd>\n<\/dl>\n<\/li>\n<li>\n<dl class=\"attribute\">\n<dt class=\"name\">Nombre de batteries<\/dt>\n<dd class=\"value\">0<\/dd>\n<\/dl>\n<\/li>\n<li>\n<dl class=\"attribute\">\n<dt class=\"name\">Capacit\u00e9 de la batterie<\/dt>\n<dd class=\"value\">0 Ah<\/dd>\n<\/dl>\n<\/li>\n<li>\n<dl class=\"attribute\">\n<dt class=\"name\">Chargeur<\/dt>\n<dd class=\"value\">non<\/dd>\n<\/dl>\n<\/li>\n<li>\n<dl class=\"attribute\">\n<dt class=\"name\">Emmanchement<\/dt>\n<dd class=\"value\">STARLOCK<\/dd>\n<\/dl>\n<\/li>\n<li>\n<dl class=\"attribute\">\n<dt class=\"name\">Plage d&rsquo;oscillation<\/dt>\n<dd class=\"value\">6000 \u00e0 20000 tr\/mn<\/dd>\n<\/dl>\n<\/li>\n<li>\n<dl class=\"attribute\">\n<dt class=\"name\">Vitesse variable<\/dt>\n<dd class=\"value\">oui<\/dd>\n<\/dl>\n<\/li>\n<li>\n<dl class=\"attribute\">\n<dt class=\"name\">Poids EPTA<\/dt>\n<dd class=\"value\">2<\/dd>\n<\/dl>\n<\/li>\n<\/ul>\n<\/li>\n<\/ul>\n<div class=\"attribute product sku\"><span class=\"type\">R\u00e9f. P :<\/span>\u00a0<span class=\"value\" data-bind=\"text: selectedArticleSku\">61423664<\/span><\/div>\n<p>&nbsp;<\/p>\n<div class=\"attribute product ref\"><span class=\"type\">R\u00e9f. fabricant :<\/span>\u00a0<span class=\"value\" data-bind=\"text: getReferenceCode()\">DTM51ZJX3<\/span><\/div>\n<div><strong>D\u00e9coupeur-ponceur multifonctions.<\/strong><br \/>\nNouveau syst\u00e8me de fixation de la lame sans outil.<br \/>\nProtection \u00e9lectronique contre les surcharges et les d\u00e9charges profondes des batteries.<br \/>\nVariateur de vitesse permettant de r\u00e9gler la vitesse de la machine en fonction du mat\u00e9riau \u00e0 poncer (5 vitesses).<br \/>\nD\u00e9marrage progressif pour un travail plus pr\u00e9cis.<br \/>\nSyst\u00e8me d&rsquo;aspiration des poussi\u00e8res livr\u00e9 de s\u00e9rie.<br \/>\nPoign\u00e9e ergonomique Soft Grip pour une meilleure prise en main.<br \/>\nLivr\u00e9 en coffret MAK-PAC 3 avec:<br \/>\n1 Lame segm BIM Bois\/M\u00e9tal moyeu d\u00e9port\u00e9 \u00d8 85 mm<br \/>\n1 Lame segm HCS Bois moyeu d\u00e9port\u00e9 \u00d8 85 mm<br \/>\n1 Lame scie plongeante BIM Bois\/M\u00e9tal 28 x 50 mm<br \/>\n1 Lame scie plongeante BIM Bois dur 32 x 40 mm<br \/>\n1 Lame scie plongeante HCS Bois 32 x 40 mm<br \/>\n1 Lame scie plongeante BIM M\u00e9tal 20 x 20 mm<br \/>\n1 Lame scie plongeante BIM M\u00e9tal 10 x 20 mm<br \/>\n1 Spatule HCS flexible 52 x 38 mm<br \/>\n1 Lame segment Carbure<br \/>\n1 Lame segment fine Carbure<br \/>\n1 Plateau de pon\u00e7age<br \/>\n10 Papiers abrasif grains 60<br \/>\n10 Papiers abrasif grains 100<br \/>\n10 Papiers abrasif grains 150<br \/>\n1 Adaptateur Fein<br \/>\n2 Boites d&rsquo;accessoires avec rangements plastiques<br \/>\n1 Raccord d&rsquo;aspiration<br \/>\n1 Moulage MAK-PAC d\u00e9coupeur ponceur \u00e0 batterie<br \/>\nSans batterie ni chargeur<\/div>\n<\/form>\n","protected":false},"excerpt":{"rendered":"<p>CARACT\u00c9RISTIQUES\u00a0TECHNIQUES Tension de la batterie 18 V Nombre de batteries 0 Capacit\u00e9 de la batterie 0 Ah Chargeur non Emmanchement STARLOCK Plage d&rsquo;oscillation 6000 \u00e0 20000 tr\/mn Vitesse variable oui&hellip;<\/p>\n","protected":false},"featured_media":322,"template":"","meta":[],"product_cat":[240,160,16],"product_tag":[],"class_list":{"0":"post-320","1":"product","2":"type-product","3":"status-publish","4":"has-post-thumbnail","6":"product_cat-electricite-2","7":"product_cat-outils-electriques-portatifs","8":"product_cat-quincaillerie","10":"first","11":"instock","12":"taxable","13":"shipping-taxable","14":"purchasable","15":"product-type-simple"},"_links":{"self":[{"href":"http:\/\/s350233878.onlinehome.fr\/index.php\/wp-json\/wp\/v2\/product\/320","targetHints":{"allow":["GET"]}}],"collection":[{"href":"http:\/\/s350233878.onlinehome.fr\/index.php\/wp-json\/wp\/v2\/product"}],"about":[{"href":"http:\/\/s350233878.onlinehome.fr\/index.php\/wp-json\/wp\/v2\/types\/product"}],"wp:featuredmedia":[{"embeddable":true,"href":"http:\/\/s350233878.onlinehome.fr\/index.php\/wp-json\/wp\/v2\/media\/322"}],"wp:attachment":[{"href":"http:\/\/s350233878.onlinehome.fr\/index.php\/wp-json\/wp\/v2\/media?parent=320"}],"wp:term":[{"taxonomy":"product_cat","embeddable":true,"href":"http:\/\/s350233878.onlinehome.fr\/index.php\/wp-json\/wp\/v2\/product_cat?post=320"},{"taxonomy":"product_tag","embeddable":true,"href":"http:\/\/s350233878.onlinehome.fr\/index.php\/wp-json\/wp\/v2\/product_tag?post=320"}],"curies":[{"name":"wp","href":"https:\/\/api.w.org\/{rel}","templated":true}]}}