{"id":316,"date":"2023-06-30T10:54:19","date_gmt":"2023-06-30T08:54:19","guid":{"rendered":"https:\/\/vtbati.fr\/vtbati\/?post_type=product&#038;p=316"},"modified":"2023-06-30T10:54:19","modified_gmt":"2023-06-30T08:54:19","slug":"scie-sabre-sans-fil-solo-djr187z","status":"publish","type":"product","link":"http:\/\/s350233878.onlinehome.fr\/index.php\/produit\/scie-sabre-sans-fil-solo-djr187z\/","title":{"rendered":"Scie sabre sans fil solo DJR187Z"},"content":{"rendered":"<h2 class=\"dc__title-section\">CARACT\u00c9RISTIQUES\u00a0TECHNIQUES<\/h2>\n<form>\n<ul class=\"attributes data \">\n<li style=\"list-style-type: none;\">\n<ul class=\"attributes data \">\n<li>\n<dl class=\"attribute\">\n<dt class=\"name\">Tension de la batterie<\/dt>\n<dd class=\"value\">18 V<\/dd>\n<\/dl>\n<\/li>\n<li>\n<dl class=\"attribute\">\n<dt class=\"name\">Nombre de batteries<\/dt>\n<dd class=\"value\">0<\/dd>\n<\/dl>\n<\/li>\n<li>\n<dl class=\"attribute\">\n<dt class=\"name\">Capacit\u00e9 de la batterie<\/dt>\n<dd class=\"value\">0 Ah<\/dd>\n<\/dl>\n<\/li>\n<li>\n<dl class=\"attribute\">\n<dt class=\"name\">Chargeur<\/dt>\n<dd class=\"value\">non<\/dd>\n<\/dl>\n<\/li>\n<li>\n<dl class=\"attribute\">\n<dt class=\"name\">Cadence de coupe<\/dt>\n<dd class=\"value\">3000 cps\/mn<\/dd>\n<\/dl>\n<\/li>\n<li>\n<dl class=\"attribute\">\n<dt class=\"name\">Course de la lame<\/dt>\n<dd class=\"value\">32 mm<\/dd>\n<\/dl>\n<\/li>\n<li>\n<dl class=\"attribute\">\n<dt class=\"name\">Poids EPTA<\/dt>\n<dd class=\"value\">3,7 kg<\/dd>\n<\/dl>\n<\/li>\n<li>\n<dl class=\"attribute\">\n<dt class=\"name\">Valeur d&rsquo;\u00e9mission vibratoire<\/dt>\n<dd class=\"value\">16,5 m\/s\u00b2<\/dd>\n<\/dl>\n<\/li>\n<\/ul>\n<\/li>\n<\/ul>\n<div class=\"attribute product sku\"><span class=\"type\">R\u00e9f. P :<\/span>\u00a0<span class=\"value\" data-bind=\"text: selectedArticleSku\">60910138<\/span><\/div>\n<p>&nbsp;<\/p>\n<div class=\"attribute product ref\"><span class=\"type\">R\u00e9f. fabricant :<\/span>\u00a0<span class=\"value\" data-bind=\"text: getReferenceCode()\">DJR187Z<\/span><\/div>\n<div><strong>Nouveau syst\u00e8me d&rsquo;entra\u00eenement et moteur sans charbon pour une grande efficacit\u00e9 de coupe<\/strong>.<br \/>\nLe nouveau syst\u00e8me d&rsquo;entra\u00eenement permet d\u2019augmenter la course de la lame et le rendement et de r\u00e9duire les d\u00e9viations de la lame et les vibrations.<br \/>\nGuidage de la tige plus robuste.<br \/>\nSabot renforc\u00e9 et plus rigide.<br \/>\nMoteur sans charbon : puissance et compacit\u00e9 de la machine accrues par rapport aux machines \u00e9quip\u00e9es de moteurs classiques<br \/>\nTechnologie XPT limitant les infiltrations d&rsquo;eau et poussi\u00e8res.<br \/>\nFrein \u00e9lectrique : arr\u00eat de la lame instantan\u00e9e.<br \/>\nBouton de s\u00e9curit\u00e9 pour pr\u00e9venir l&rsquo;activation accidentelle de la g\u00e2chette.<br \/>\nChangement de lame sans outil.<br \/>\nR\u00e9glage du sabot sans outil.<br \/>\nInterrupteur \u00e0 variateur de vitesse, facile \u00e0 actionner \u00e0 deux doigts.<br \/>\n2 vitesses de coupe afin d&rsquo;adapter la vitesse au mat\u00e9riau travaill\u00e9.<br \/>\n\u00c9clairage LED int\u00e9gr\u00e9 pour un travail plus ais\u00e9 dans les endroits sombres.<br \/>\nCrochet de suspension.<br \/>\nPoign\u00e9es \u00e0 rev\u00eatement Soft Grip pour plus de confort.<br \/>\nLivr\u00e9e avec 1 lot de 2 lames bim\u00e9tal (1 pour m\u00e9tal, 1 pour bois\/m\u00e9tal)<\/div>\n<\/form>\n","protected":false},"excerpt":{"rendered":"<p>CARACT\u00c9RISTIQUES\u00a0TECHNIQUES Tension de la batterie 18 V Nombre de batteries 0 Capacit\u00e9 de la batterie 0 Ah Chargeur non Cadence de coupe 3000 cps\/mn Course de la lame 32 mm&hellip;<\/p>\n","protected":false},"featured_media":317,"template":"","meta":[],"product_cat":[240,160,16],"product_tag":[],"class_list":{"0":"post-316","1":"product","2":"type-product","3":"status-publish","4":"has-post-thumbnail","6":"product_cat-electricite-2","7":"product_cat-outils-electriques-portatifs","8":"product_cat-quincaillerie","10":"first","11":"instock","12":"taxable","13":"shipping-taxable","14":"purchasable","15":"product-type-simple"},"_links":{"self":[{"href":"http:\/\/s350233878.onlinehome.fr\/index.php\/wp-json\/wp\/v2\/product\/316","targetHints":{"allow":["GET"]}}],"collection":[{"href":"http:\/\/s350233878.onlinehome.fr\/index.php\/wp-json\/wp\/v2\/product"}],"about":[{"href":"http:\/\/s350233878.onlinehome.fr\/index.php\/wp-json\/wp\/v2\/types\/product"}],"wp:featuredmedia":[{"embeddable":true,"href":"http:\/\/s350233878.onlinehome.fr\/index.php\/wp-json\/wp\/v2\/media\/317"}],"wp:attachment":[{"href":"http:\/\/s350233878.onlinehome.fr\/index.php\/wp-json\/wp\/v2\/media?parent=316"}],"wp:term":[{"taxonomy":"product_cat","embeddable":true,"href":"http:\/\/s350233878.onlinehome.fr\/index.php\/wp-json\/wp\/v2\/product_cat?post=316"},{"taxonomy":"product_tag","embeddable":true,"href":"http:\/\/s350233878.onlinehome.fr\/index.php\/wp-json\/wp\/v2\/product_tag?post=316"}],"curies":[{"name":"wp","href":"https:\/\/api.w.org\/{rel}","templated":true}]}}