{"id":312,"date":"2023-06-30T10:54:17","date_gmt":"2023-06-30T08:54:17","guid":{"rendered":"https:\/\/vtbati.fr\/vtbati\/?post_type=product&#038;p=312"},"modified":"2023-06-30T10:54:17","modified_gmt":"2023-06-30T08:54:17","slug":"scie-a-coupe-donglet-filaire-ls0815fln","status":"publish","type":"product","link":"http:\/\/s350233878.onlinehome.fr\/index.php\/produit\/scie-a-coupe-donglet-filaire-ls0815fln\/","title":{"rendered":"Scie \u00e0 coupe d&rsquo;onglet filaire LS0815FLN"},"content":{"rendered":"<h2 class=\"dc__title-section\">CARACT\u00c9RISTIQUES\u00a0TECHNIQUES<\/h2>\n<form>\n<ul class=\"attributes data \">\n<li style=\"list-style-type: none;\">\n<ul class=\"attributes data \">\n<li>\n<dl class=\"attribute\">\n<dt class=\"name\">Puissance<\/dt>\n<dd class=\"value\">1400 W<\/dd>\n<\/dl>\n<\/li>\n<li>\n<dl class=\"attribute\">\n<dt class=\"name\">R\u00e9gime \u00e0 vide<\/dt>\n<dd class=\"value\">5000 tr\/mn<\/dd>\n<\/dl>\n<\/li>\n<li>\n<dl class=\"attribute\">\n<dt class=\"name\">Diam\u00e8tre de la lame<\/dt>\n<dd class=\"value\">216 mm<\/dd>\n<\/dl>\n<\/li>\n<li>\n<dl class=\"attribute\">\n<dt class=\"name\">Diam\u00e8tre d&rsquo;al\u00e9sage de la lame<\/dt>\n<dd class=\"value\">30 mm<\/dd>\n<\/dl>\n<\/li>\n<li>\n<dl class=\"attribute\">\n<dt class=\"name\">Hauteur de coupe \u00e0 45\u00b0<\/dt>\n<dd class=\"value\">65 x 215 mm<\/dd>\n<\/dl>\n<\/li>\n<li>\n<dl class=\"attribute\">\n<dt class=\"name\">Hauteur de coupe \u00e0 90\u00b0<\/dt>\n<dd class=\"value\">65 x 305 mm<\/dd>\n<\/dl>\n<\/li>\n<li>\n<dl class=\"attribute\">\n<dt class=\"name\">Sur table<\/dt>\n<dd class=\"value\">non<\/dd>\n<\/dl>\n<\/li>\n<li>\n<dl class=\"attribute\">\n<dt class=\"name\">Radiale<\/dt>\n<dd class=\"value\">oui<\/dd>\n<\/dl>\n<\/li>\n<li>\n<dl class=\"attribute\">\n<dt class=\"name\">Poids<\/dt>\n<dd class=\"value\">14,2 kg<\/dd>\n<\/dl>\n<\/li>\n<\/ul>\n<\/li>\n<\/ul>\n<div class=\"attribute product sku\"><span class=\"type\">R\u00e9f. P :<\/span>\u00a0<span class=\"value\" data-bind=\"text: selectedArticleSku\">65970430<\/span><\/div>\n<p>&nbsp;<\/p>\n<div class=\"attribute product ref\"><span class=\"type\">R\u00e9f. fabricant :<\/span>\u00a0<span class=\"value\" data-bind=\"text: getReferenceCode()\">LOT0084<\/span><\/div>\n<\/form>\n","protected":false},"excerpt":{"rendered":"<p>CARACT\u00c9RISTIQUES\u00a0TECHNIQUES Puissance 1400 W R\u00e9gime \u00e0 vide 5000 tr\/mn Diam\u00e8tre de la lame 216 mm Diam\u00e8tre d&rsquo;al\u00e9sage de la lame 30 mm Hauteur de coupe \u00e0 45\u00b0 65 x 215&hellip;<\/p>\n","protected":false},"featured_media":242,"template":"","meta":[],"product_cat":[240,160,16],"product_tag":[],"class_list":{"0":"post-312","1":"product","2":"type-product","3":"status-publish","4":"has-post-thumbnail","6":"product_cat-electricite-2","7":"product_cat-outils-electriques-portatifs","8":"product_cat-quincaillerie","10":"first","11":"instock","12":"taxable","13":"shipping-taxable","14":"purchasable","15":"product-type-simple"},"_links":{"self":[{"href":"http:\/\/s350233878.onlinehome.fr\/index.php\/wp-json\/wp\/v2\/product\/312","targetHints":{"allow":["GET"]}}],"collection":[{"href":"http:\/\/s350233878.onlinehome.fr\/index.php\/wp-json\/wp\/v2\/product"}],"about":[{"href":"http:\/\/s350233878.onlinehome.fr\/index.php\/wp-json\/wp\/v2\/types\/product"}],"wp:featuredmedia":[{"embeddable":true,"href":"http:\/\/s350233878.onlinehome.fr\/index.php\/wp-json\/wp\/v2\/media\/242"}],"wp:attachment":[{"href":"http:\/\/s350233878.onlinehome.fr\/index.php\/wp-json\/wp\/v2\/media?parent=312"}],"wp:term":[{"taxonomy":"product_cat","embeddable":true,"href":"http:\/\/s350233878.onlinehome.fr\/index.php\/wp-json\/wp\/v2\/product_cat?post=312"},{"taxonomy":"product_tag","embeddable":true,"href":"http:\/\/s350233878.onlinehome.fr\/index.php\/wp-json\/wp\/v2\/product_tag?post=312"}],"curies":[{"name":"wp","href":"https:\/\/api.w.org\/{rel}","templated":true}]}}