{"id":2738,"date":"2023-11-22T15:19:11","date_gmt":"2023-11-22T14:19:11","guid":{"rendered":"https:\/\/vtbati.fr\/vtbati\/?post_type=product&#038;p=2738"},"modified":"2023-11-22T15:33:37","modified_gmt":"2023-11-22T14:33:37","slug":"moustiquaire-2","status":"publish","type":"product","link":"http:\/\/s350233878.onlinehome.fr\/index.php\/produit\/moustiquaire-2\/","title":{"rendered":"Moustiquaire"},"content":{"rendered":"","protected":false},"excerpt":{"rendered":"<div class=\"page\" data-page-number=\"23\" data-loaded=\"true\">\n<div class=\"textLayer\">\n<div style=\"text-align: center;\">\u00c0 l\u2019air et au calme !<\/div>\n<div>Vous souhaitez passer les longues soir\u00e9es d\u2019\u00e9t\u00e9 avec la brise, les sons et les odeurs qui les caract\u00e9risent, sans que les moustiques, le pollen ou autres nuisibles ne viennent s\u2019en m\u00ealer ?<\/div>\n<div>Profitez des beaux jours sereinement avec nos moustiquaires : nos mod\u00e8les sont adapt\u00e9s \u00e0 chacune de vos ouvertures !<\/div>\n<\/div>\n<\/div>\n<div class=\"page\" data-page-number=\"24\" data-loaded=\"true\">\n<div class=\"textLayer\"><\/div>\n<\/div>\n","protected":false},"featured_media":2739,"template":"","meta":[],"product_cat":[22],"product_tag":[542,541,540,543],"class_list":{"0":"post-2738","1":"product","2":"type-product","3":"status-publish","4":"has-post-thumbnail","6":"product_cat-menuiseries","7":"product_tag-enroulable","8":"product_tag-laterale","9":"product_tag-moustiquaire","10":"product_tag-protections","12":"first","13":"instock","14":"taxable","15":"shipping-taxable","16":"purchasable","17":"product-type-simple"},"_links":{"self":[{"href":"http:\/\/s350233878.onlinehome.fr\/index.php\/wp-json\/wp\/v2\/product\/2738","targetHints":{"allow":["GET"]}}],"collection":[{"href":"http:\/\/s350233878.onlinehome.fr\/index.php\/wp-json\/wp\/v2\/product"}],"about":[{"href":"http:\/\/s350233878.onlinehome.fr\/index.php\/wp-json\/wp\/v2\/types\/product"}],"wp:featuredmedia":[{"embeddable":true,"href":"http:\/\/s350233878.onlinehome.fr\/index.php\/wp-json\/wp\/v2\/media\/2739"}],"wp:attachment":[{"href":"http:\/\/s350233878.onlinehome.fr\/index.php\/wp-json\/wp\/v2\/media?parent=2738"}],"wp:term":[{"taxonomy":"product_cat","embeddable":true,"href":"http:\/\/s350233878.onlinehome.fr\/index.php\/wp-json\/wp\/v2\/product_cat?post=2738"},{"taxonomy":"product_tag","embeddable":true,"href":"http:\/\/s350233878.onlinehome.fr\/index.php\/wp-json\/wp\/v2\/product_tag?post=2738"}],"curies":[{"name":"wp","href":"https:\/\/api.w.org\/{rel}","templated":true}]}}