{"id":273,"date":"2023-06-30T10:54:13","date_gmt":"2023-06-30T08:54:13","guid":{"rendered":"http:\/\/vtbati.fr\/vtbati\/?post_type=product&#038;p=273"},"modified":"2023-06-30T10:54:13","modified_gmt":"2023-06-30T08:54:13","slug":"chargeur-de-batterie-pour-machine-sans-fil-dc18rc-vtbati","status":"publish","type":"product","link":"http:\/\/s350233878.onlinehome.fr\/index.php\/produit\/chargeur-de-batterie-pour-machine-sans-fil-dc18rc-vtbati\/","title":{"rendered":"Chargeur de batterie pour machine sans fil DC18RC"},"content":{"rendered":"<h2 class=\"dc__title-section\">CARACT\u00c9RISTIQUES\u00a0TECHNIQUES<\/h2>\n<form>\n<ul class=\"attributes data \">\n<li style=\"list-style-type: none;\">\n<ul class=\"attributes data \">\n<li>\n<dl class=\"attribute\">\n<dt class=\"name\">Tension admissible<\/dt>\n<dd class=\"value\">14.4 \u00e0 18 V<\/dd>\n<\/dl>\n<\/li>\n<li>\n<dl class=\"attribute\">\n<dt class=\"name\">T\u00e9moin d&rsquo;\u00e9tat de la batterie<\/dt>\n<dd class=\"value\">oui<\/dd>\n<\/dl>\n<\/li>\n<li>\n<dl class=\"attribute\">\n<dt class=\"name\">Nombre de port de charge<\/dt>\n<dd class=\"value\">1<\/dd>\n<\/dl>\n<\/li>\n<\/ul>\n<\/li>\n<\/ul>\n<div class=\"product-info-custom-header\">\n<div class=\"product-head-wrapper\">\n<div class=\"product references\" data-product-id=\"\">\n<div class=\"attribute product sku\"><span class=\"type\">R\u00e9f. P :<\/span>\u00a0<span class=\"value\" data-bind=\"text: selectedArticleSku\">61678816<\/span><\/div>\n<div class=\"attribute product ref\"><span class=\"type\">R\u00e9f. fabricant :<\/span>\u00a0<span class=\"value\" data-bind=\"text: getReferenceCode()\">195584-2<\/span><\/div>\n<\/div>\n<\/div>\n<div class=\"dc__actions product-actions-wrapper\">\n<div class=\"product action split button wishlist\"><\/div>\n<div class=\"product action print\"><\/div>\n<div class=\"product action share\">\n<button id=\"copy\" class=\"dc__actions_button dc__actions_button--copy\" title=\"Copier l'URL\" data-bind=\"click: copyUrl\" data-gtm-product-share-url=\"\"><i class=\"dcfonts-icons dcfonts-icons--share\"><\/i><\/button><\/div>\n<\/div>\n<\/div>\n<div class=\"product-info-custom\">\n<div class=\"gallery-placeholder\" data-gallery-role=\"gallery-placeholder\">\n<div class=\"fotorama--hidden\"><\/div>\n<div class=\"fotorama-item fotorama fotorama1681738063349\" data-gallery-role=\"gallery\">\n<div tabindex=\"-1\" data-gallery-role=\"fotorama__focusable-start\"><\/div>\n<div class=\"fotorama__wrap fotorama__wrap--css3 fotorama__wrap--fade fotorama__wrap--no-controls\">\n<div class=\"fotorama__stage\" data-fotorama-stage=\"fotorama__stage\">\n<div class=\"fotorama__stage__shaft\" tabindex=\"0\" data-gallery-role=\"stage-shaft\">\n<div class=\"fotorama__stage__frame fotorama__fade-rear fotorama__active fotorama_vertical_ratio fotorama__loaded fotorama__loaded--img\" aria-hidden=\"false\" data-active=\"true\"><img decoding=\"async\" class=\"fotorama__img\" src=\"https:\/\/www.prolians.fr\/media\/catalog\/product\/cache\/b9dfb3c8ece2faf16db3850a16149bbe\/6\/1\/61678816_0_20230415133657_1.jpg\" alt=\"MAKITA - Chargeur de batterie pour machine sans fil dc18rc | PROLIANS\" aria-labelledby=\"labelledby1681738063364\" aria-hidden=\"false\" \/><\/div>\n<\/div>\n<div class=\"fotorama__video-close\"><\/div>\n<\/div>\n<\/div>\n<div tabindex=\"-1\" data-gallery-role=\"fotorama__focusable-end\"><\/div>\n<\/div>\n<\/div>\n<\/div>\n<\/form>\n","protected":false},"excerpt":{"rendered":"<p>CARACT\u00c9RISTIQUES\u00a0TECHNIQUES Tension admissible 14.4 \u00e0 18 V T\u00e9moin d&rsquo;\u00e9tat de la batterie oui Nombre de port de charge 1 R\u00e9f. P :\u00a061678816 R\u00e9f. fabricant :\u00a0195584-2<\/p>\n","protected":false},"featured_media":274,"template":"","meta":[],"product_cat":[240,160,16],"product_tag":[],"class_list":{"0":"post-273","1":"product","2":"type-product","3":"status-publish","4":"has-post-thumbnail","6":"product_cat-electricite-2","7":"product_cat-outils-electriques-portatifs","8":"product_cat-quincaillerie","10":"first","11":"instock","12":"taxable","13":"shipping-taxable","14":"purchasable","15":"product-type-simple"},"_links":{"self":[{"href":"http:\/\/s350233878.onlinehome.fr\/index.php\/wp-json\/wp\/v2\/product\/273","targetHints":{"allow":["GET"]}}],"collection":[{"href":"http:\/\/s350233878.onlinehome.fr\/index.php\/wp-json\/wp\/v2\/product"}],"about":[{"href":"http:\/\/s350233878.onlinehome.fr\/index.php\/wp-json\/wp\/v2\/types\/product"}],"wp:featuredmedia":[{"embeddable":true,"href":"http:\/\/s350233878.onlinehome.fr\/index.php\/wp-json\/wp\/v2\/media\/274"}],"wp:attachment":[{"href":"http:\/\/s350233878.onlinehome.fr\/index.php\/wp-json\/wp\/v2\/media?parent=273"}],"wp:term":[{"taxonomy":"product_cat","embeddable":true,"href":"http:\/\/s350233878.onlinehome.fr\/index.php\/wp-json\/wp\/v2\/product_cat?post=273"},{"taxonomy":"product_tag","embeddable":true,"href":"http:\/\/s350233878.onlinehome.fr\/index.php\/wp-json\/wp\/v2\/product_tag?post=273"}],"curies":[{"name":"wp","href":"https:\/\/api.w.org\/{rel}","templated":true}]}}