{"id":230,"date":"2023-06-30T10:54:05","date_gmt":"2023-06-30T08:54:05","guid":{"rendered":"http:\/\/vtbati.fr\/vtbati\/?post_type=product&#038;p=230"},"modified":"2023-06-30T10:54:05","modified_gmt":"2023-06-30T08:54:05","slug":"lame-pour-coupe-herbe-makita-lot-de-12","status":"publish","type":"product","link":"http:\/\/s350233878.onlinehome.fr\/index.php\/produit\/lame-pour-coupe-herbe-makita-lot-de-12\/","title":{"rendered":"Lame pour coupe-herbe Makita (lot de 12)"},"content":{"rendered":"<p>Couteau courbe synth\u00e9tique t\u00eate 198383-1<\/p>\n<p>CARACT\u00c9RISTIQUES TECHNIQUES<\/p>\n<p>Type d&rsquo;accessoire<br \/>\nlame<\/p>\n<p>Compatible avec (marque)Makita<br \/>\nCompatible avec (gamme)coupe-herbes<br \/>\nCompatible avec (mod\u00e8le)<br \/>\nDUR189Z<br \/>\nDUR368ARF2<br \/>\nDUR368AZ<br \/>\nDUR368LZ<br \/>\nDUR369AZ<\/p>\n<p>R\u00e9f. P : 68457904<\/p>\n<p>R\u00e9f. fabricant : 198426-9<\/p>\n","protected":false},"excerpt":{"rendered":"<p>Couteau courbe synth\u00e9tique t\u00eate 198383-1 CARACT\u00c9RISTIQUES TECHNIQUES Type d&rsquo;accessoire lame Compatible avec (marque)Makita Compatible avec (gamme)coupe-herbes Compatible avec (mod\u00e8le) DUR189Z DUR368ARF2 DUR368AZ DUR368LZ DUR369AZ R\u00e9f. P : 68457904 R\u00e9f. fabricant&hellip;<\/p>\n","protected":false},"featured_media":232,"template":"","meta":[],"product_cat":[160,16],"product_tag":[],"class_list":{"0":"post-230","1":"product","2":"type-product","3":"status-publish","4":"has-post-thumbnail","6":"product_cat-outils-electriques-portatifs","7":"product_cat-quincaillerie","9":"first","10":"instock","11":"taxable","12":"shipping-taxable","13":"purchasable","14":"product-type-simple"},"_links":{"self":[{"href":"http:\/\/s350233878.onlinehome.fr\/index.php\/wp-json\/wp\/v2\/product\/230","targetHints":{"allow":["GET"]}}],"collection":[{"href":"http:\/\/s350233878.onlinehome.fr\/index.php\/wp-json\/wp\/v2\/product"}],"about":[{"href":"http:\/\/s350233878.onlinehome.fr\/index.php\/wp-json\/wp\/v2\/types\/product"}],"wp:featuredmedia":[{"embeddable":true,"href":"http:\/\/s350233878.onlinehome.fr\/index.php\/wp-json\/wp\/v2\/media\/232"}],"wp:attachment":[{"href":"http:\/\/s350233878.onlinehome.fr\/index.php\/wp-json\/wp\/v2\/media?parent=230"}],"wp:term":[{"taxonomy":"product_cat","embeddable":true,"href":"http:\/\/s350233878.onlinehome.fr\/index.php\/wp-json\/wp\/v2\/product_cat?post=230"},{"taxonomy":"product_tag","embeddable":true,"href":"http:\/\/s350233878.onlinehome.fr\/index.php\/wp-json\/wp\/v2\/product_tag?post=230"}],"curies":[{"name":"wp","href":"https:\/\/api.w.org\/{rel}","templated":true}]}}