{"id":2921,"date":"2023-11-27T10:50:35","date_gmt":"2023-11-27T09:50:35","guid":{"rendered":"https:\/\/vtbati.fr\/vtbati\/?page_id=2921"},"modified":"2023-11-28T16:02:18","modified_gmt":"2023-11-28T15:02:18","slug":"nos-portails","status":"publish","type":"page","link":"http:\/\/s350233878.onlinehome.fr\/index.php\/nos-portails\/","title":{"rendered":"Nos portails"},"content":{"rendered":"\t\t<div data-elementor-type=\"wp-page\" data-elementor-id=\"2921\" class=\"elementor elementor-2921\" data-elementor-post-type=\"page\">\n\t\t\t\t\t\t<section class=\"elementor-section elementor-top-section elementor-element elementor-element-9c99dbd elementor-section-stretched elementor-section-boxed elementor-section-height-default elementor-section-height-default\" data-id=\"9c99dbd\" data-element_type=\"section\" data-e-type=\"section\" data-settings=\"{&quot;stretch_section&quot;:&quot;section-stretched&quot;}\">\n\t\t\t\t\t\t<div class=\"elementor-container elementor-column-gap-default\">\n\t\t\t\t\t<div class=\"elementor-column elementor-col-100 elementor-top-column elementor-element elementor-element-3584142\" data-id=\"3584142\" data-element_type=\"column\" data-e-type=\"column\">\n\t\t\t<div class=\"elementor-widget-wrap elementor-element-populated\">\n\t\t\t\t\t\t<div class=\"elementor-element elementor-element-73acfa2 elementor-cta--skin-classic elementor-animated-content elementor-bg-transform elementor-bg-transform-zoom-in elementor-widget elementor-widget-call-to-action\" data-id=\"73acfa2\" data-element_type=\"widget\" data-e-type=\"widget\" data-widget_type=\"call-to-action.default\">\n\t\t\t\t<div class=\"elementor-widget-container\">\n\t\t\t\t\t\t\t<div class=\"elementor-cta\">\n\t\t\t\t\t<div class=\"elementor-cta__bg-wrapper\">\n\t\t\t\t<div class=\"elementor-cta__bg elementor-bg\" style=\"background-image: url(http:\/\/s350233878.onlinehome.fr\/wp-content\/uploads\/2023\/11\/Capture-decran-2023-11-27-104047-1024x589.png);\" role=\"img\" aria-label=\"Capture d&#039;\u00e9cran 2023-11-27 104047\"><\/div>\n\t\t\t\t<div class=\"elementor-cta__bg-overlay\"><\/div>\n\t\t\t<\/div>\n\t\t\t\t\t\t\t<div class=\"elementor-cta__content\">\n\t\t\t\t\n\t\t\t\t\t\t\t\t\t<h2 class=\"elementor-cta__title elementor-cta__content-item elementor-content-item\">\n\t\t\t\t\t\tNos portails et portillons en Aluminium\t\t\t\t\t<\/h2>\n\t\t\t\t\n\t\t\t\t\t\t\t\t\t<div class=\"elementor-cta__description elementor-cta__content-item elementor-content-item\">\n\t\t\t\t\t\tPortail aluminium battant ou coulissant \t\t\t\t\t<\/div>\n\t\t\t\t\n\t\t\t\t\t\t\t\t\t<div class=\"elementor-cta__button-wrapper elementor-cta__content-item elementor-content-item \">\n\t\t\t\t\t<a class=\"elementor-cta__button elementor-button elementor-size-sm\" href=\"https:\/\/vtbati.fr\/vtbati\/index.php\/produit\/nos-portails\/?preview=true\">\n\t\t\t\t\t\tConfigurateur\t\t\t\t\t<\/a>\n\t\t\t\t\t<\/div>\n\t\t\t\t\t\t\t<\/div>\n\t\t\t\t\t\t<\/div>\n\t\t\t\t\t\t<\/div>\n\t\t\t\t<\/div>\n\t\t\t\t\t<\/div>\n\t\t<\/div>\n\t\t\t\t\t<\/div>\n\t\t<\/section>\n\t\t\t\t<section class=\"elementor-section elementor-top-section elementor-element elementor-element-133e072 elementor-section-stretched elementor-section-boxed elementor-section-height-default elementor-section-height-default\" data-id=\"133e072\" data-element_type=\"section\" data-e-type=\"section\" data-settings=\"{&quot;stretch_section&quot;:&quot;section-stretched&quot;}\">\n\t\t\t\t\t\t<div class=\"elementor-container elementor-column-gap-default\">\n\t\t\t\t\t<div class=\"elementor-column elementor-col-50 elementor-top-column elementor-element elementor-element-dd57f95\" data-id=\"dd57f95\" data-element_type=\"column\" data-e-type=\"column\">\n\t\t\t<div class=\"elementor-widget-wrap elementor-element-populated\">\n\t\t\t\t\t\t<div class=\"elementor-element elementor-element-7fb6753 elementor-widget elementor-widget-heading\" data-id=\"7fb6753\" data-element_type=\"widget\" data-e-type=\"widget\" data-widget_type=\"heading.default\">\n\t\t\t\t<div class=\"elementor-widget-container\">\n\t\t\t\t\t<h2 class=\"elementor-heading-title elementor-size-default\">Les atouts du portail battant en alu<\/h2>\t\t\t\t<\/div>\n\t\t\t\t<\/div>\n\t\t\t\t<div class=\"elementor-element elementor-element-8cadb75 elementor-widget elementor-widget-text-editor\" data-id=\"8cadb75\" data-element_type=\"widget\" data-e-type=\"widget\" data-widget_type=\"text-editor.default\">\n\t\t\t\t<div class=\"elementor-widget-container\">\n\t\t\t\t\t\t\t\t\t<p class=\"content__paragraph\">Le portail en aluminium de type battant se r\u00e9v\u00e8le efficace pour pr\u00e9venir les \u00e9ventuelles intrusions. Il dispose en effet :<\/p><ul class=\"content__list\"><li class=\"content__list-item\">d\u2019une s\u00e9curit\u00e9 anti-crochetage du p\u00eane de la serrure. Les portails battants en aluminium Komilfo sont en effet \u00e9quip\u00e9s d\u2019une serrure universelle multifonctions \u00e0 p\u00eane r\u00e9glable, disposant d\u2019une t\u00eati\u00e8re en acier inoxydable<\/li><li class=\"content__list-item\">d\u2019une seconde s\u00e9curit\u00e9 anti-crochetage au niveau du double profil de battue, \u00e0 la fois int\u00e9rieur et ext\u00e9rieur<\/li><\/ul><p class=\"content__paragraph\">Le portail battant est \u00e9galement performant en termes de s\u00e9curit\u00e9 au quotidien. Il est muni :<\/p><ul class=\"content__list\"><li class=\"content__list-item\">d\u2019un arr\u00eat d\u2019ouverture r\u00e9glable d\u00e9j\u00e0 int\u00e9gr\u00e9, qui permet d\u2019\u00e9viter de tr\u00e9bucher dessus<\/li><li class=\"content__list-item\">d\u2019un dispositif anti-pincement situ\u00e9 entre l\u2019axe pivot et le pilier du portail. Id\u00e9al pour tous les usagers et notamment les enfants !<\/li><\/ul><p class=\"content__paragraph\">Le portail aluminium battant est \u00e0 la fois\u00a0<strong>pratique et esth\u00e9tique<\/strong>.<\/p><p class=\"content__paragraph\" style=\"text-align: center;\"><span style=\"text-decoration: underline;\">C\u00f4t\u00e9 esth\u00e9tique :<\/span><\/p><ul class=\"content__list\"><li class=\"content__list-item\">Les deux c\u00f4t\u00e9s du portail sont agr\u00e9ables \u00e0 l\u2019\u0153il.<\/li><li class=\"content__list-item\">La finition de la poign\u00e9e est soign\u00e9e, en aluminium laqu\u00e9 de la couleur du portail, avec un ressort de rappel.<\/li><li class=\"content__list-item\">La fermeture du semi-fixe est discr\u00e8te, car int\u00e9gr\u00e9e dans le montant central.<\/li><li class=\"content__list-item\">L\u2019arr\u00eat d\u2019ouverture est r\u00e9glable, laissant votre all\u00e9e intacte.<\/li><li class=\"content__list-item\">La but\u00e9e centrale plac\u00e9e au sol est en fonte d\u2019aluminium, donc solide, tout en \u00e9tant tr\u00e8s plate.<\/li><\/ul><p class=\"content__paragraph\">\u00a0<\/p><p class=\"content__paragraph\">C\u00f4t\u00e9 pratique : la possibilit\u00e9 d\u2019opter pour un portail \u00e9lectrique battant en motorisant les montants vous fait gagner en confort !<\/p>\t\t\t\t\t\t\t\t<\/div>\n\t\t\t\t<\/div>\n\t\t\t\t\t<\/div>\n\t\t<\/div>\n\t\t\t\t<div class=\"elementor-column elementor-col-50 elementor-top-column elementor-element elementor-element-025103f\" data-id=\"025103f\" data-element_type=\"column\" data-e-type=\"column\">\n\t\t\t<div class=\"elementor-widget-wrap elementor-element-populated\">\n\t\t\t\t\t\t<div class=\"elementor-element elementor-element-685d561 elementor-widget elementor-widget-image\" data-id=\"685d561\" data-element_type=\"widget\" data-e-type=\"widget\" data-widget_type=\"image.default\">\n\t\t\t\t<div class=\"elementor-widget-container\">\n\t\t\t\t\t\t\t\t\t\t\t\t\t\t\t<img fetchpriority=\"high\" decoding=\"async\" width=\"1024\" height=\"589\" src=\"http:\/\/s350233878.onlinehome.fr\/wp-content\/uploads\/2023\/11\/Capture-decran-2023-11-27-104047-1024x589.png\" class=\"attachment-large size-large wp-image-2923\" alt=\"\" srcset=\"http:\/\/s350233878.onlinehome.fr\/wp-content\/uploads\/2023\/11\/Capture-decran-2023-11-27-104047-1024x589.png 1024w, http:\/\/s350233878.onlinehome.fr\/wp-content\/uploads\/2023\/11\/Capture-decran-2023-11-27-104047-300x173.png 300w, http:\/\/s350233878.onlinehome.fr\/wp-content\/uploads\/2023\/11\/Capture-decran-2023-11-27-104047-768x442.png 768w, http:\/\/s350233878.onlinehome.fr\/wp-content\/uploads\/2023\/11\/Capture-decran-2023-11-27-104047-1320x759.png 1320w, http:\/\/s350233878.onlinehome.fr\/wp-content\/uploads\/2023\/11\/Capture-decran-2023-11-27-104047-600x345.png 600w, http:\/\/s350233878.onlinehome.fr\/wp-content\/uploads\/2023\/11\/Capture-decran-2023-11-27-104047.png 1403w\" sizes=\"(max-width: 1024px) 100vw, 1024px\" \/>\t\t\t\t\t\t\t\t\t\t\t\t\t\t\t<\/div>\n\t\t\t\t<\/div>\n\t\t\t\t<div class=\"elementor-element elementor-element-95fa94d elementor-widget elementor-widget-image\" data-id=\"95fa94d\" data-element_type=\"widget\" data-e-type=\"widget\" data-widget_type=\"image.default\">\n\t\t\t\t<div class=\"elementor-widget-container\">\n\t\t\t\t\t\t\t\t\t\t\t\t\t\t\t<img decoding=\"async\" width=\"862\" height=\"653\" src=\"http:\/\/s350233878.onlinehome.fr\/wp-content\/uploads\/2023\/11\/Capture-decran-2023-11-27-104829.png\" class=\"attachment-large size-large wp-image-2926\" alt=\"\" srcset=\"http:\/\/s350233878.onlinehome.fr\/wp-content\/uploads\/2023\/11\/Capture-decran-2023-11-27-104829.png 862w, http:\/\/s350233878.onlinehome.fr\/wp-content\/uploads\/2023\/11\/Capture-decran-2023-11-27-104829-300x227.png 300w, http:\/\/s350233878.onlinehome.fr\/wp-content\/uploads\/2023\/11\/Capture-decran-2023-11-27-104829-768x582.png 768w, http:\/\/s350233878.onlinehome.fr\/wp-content\/uploads\/2023\/11\/Capture-decran-2023-11-27-104829-600x455.png 600w\" sizes=\"(max-width: 862px) 100vw, 862px\" \/>\t\t\t\t\t\t\t\t\t\t\t\t\t\t\t<\/div>\n\t\t\t\t<\/div>\n\t\t\t\t\t<\/div>\n\t\t<\/div>\n\t\t\t\t\t<\/div>\n\t\t<\/section>\n\t\t\t\t<section class=\"elementor-section elementor-top-section elementor-element elementor-element-5fc8b6d elementor-section-stretched elementor-section-boxed elementor-section-height-default elementor-section-height-default\" data-id=\"5fc8b6d\" data-element_type=\"section\" data-e-type=\"section\" data-settings=\"{&quot;stretch_section&quot;:&quot;section-stretched&quot;}\">\n\t\t\t\t\t\t<div class=\"elementor-container elementor-column-gap-default\">\n\t\t\t\t\t<div class=\"elementor-column elementor-col-50 elementor-top-column elementor-element elementor-element-038ba5c\" data-id=\"038ba5c\" data-element_type=\"column\" data-e-type=\"column\">\n\t\t\t<div class=\"elementor-widget-wrap elementor-element-populated\">\n\t\t\t\t\t\t<div class=\"elementor-element elementor-element-b7c5390 elementor-widget elementor-widget-image\" data-id=\"b7c5390\" data-element_type=\"widget\" data-e-type=\"widget\" data-widget_type=\"image.default\">\n\t\t\t\t<div class=\"elementor-widget-container\">\n\t\t\t\t\t\t\t\t\t\t\t\t\t\t\t<img decoding=\"async\" width=\"1024\" height=\"565\" src=\"http:\/\/s350233878.onlinehome.fr\/wp-content\/uploads\/2023\/11\/Capture-decran-2023-11-27-104408-1024x565.png\" class=\"attachment-large size-large wp-image-2924\" alt=\"\" srcset=\"http:\/\/s350233878.onlinehome.fr\/wp-content\/uploads\/2023\/11\/Capture-decran-2023-11-27-104408-1024x565.png 1024w, http:\/\/s350233878.onlinehome.fr\/wp-content\/uploads\/2023\/11\/Capture-decran-2023-11-27-104408-300x166.png 300w, http:\/\/s350233878.onlinehome.fr\/wp-content\/uploads\/2023\/11\/Capture-decran-2023-11-27-104408-768x424.png 768w, http:\/\/s350233878.onlinehome.fr\/wp-content\/uploads\/2023\/11\/Capture-decran-2023-11-27-104408-1320x729.png 1320w, http:\/\/s350233878.onlinehome.fr\/wp-content\/uploads\/2023\/11\/Capture-decran-2023-11-27-104408-600x331.png 600w, http:\/\/s350233878.onlinehome.fr\/wp-content\/uploads\/2023\/11\/Capture-decran-2023-11-27-104408.png 1398w\" sizes=\"(max-width: 1024px) 100vw, 1024px\" \/>\t\t\t\t\t\t\t\t\t\t\t\t\t\t\t<\/div>\n\t\t\t\t<\/div>\n\t\t\t\t<div class=\"elementor-element elementor-element-11a0f77 elementor-widget elementor-widget-image\" data-id=\"11a0f77\" data-element_type=\"widget\" data-e-type=\"widget\" data-widget_type=\"image.default\">\n\t\t\t\t<div class=\"elementor-widget-container\">\n\t\t\t\t\t\t\t\t\t\t\t\t\t\t\t<img loading=\"lazy\" decoding=\"async\" width=\"860\" height=\"656\" src=\"http:\/\/s350233878.onlinehome.fr\/wp-content\/uploads\/2023\/11\/Capture-decran-2023-11-27-104734.png\" class=\"attachment-large size-large wp-image-2925\" alt=\"\" srcset=\"http:\/\/s350233878.onlinehome.fr\/wp-content\/uploads\/2023\/11\/Capture-decran-2023-11-27-104734.png 860w, http:\/\/s350233878.onlinehome.fr\/wp-content\/uploads\/2023\/11\/Capture-decran-2023-11-27-104734-300x229.png 300w, http:\/\/s350233878.onlinehome.fr\/wp-content\/uploads\/2023\/11\/Capture-decran-2023-11-27-104734-768x586.png 768w, http:\/\/s350233878.onlinehome.fr\/wp-content\/uploads\/2023\/11\/Capture-decran-2023-11-27-104734-600x458.png 600w\" sizes=\"(max-width: 860px) 100vw, 860px\" \/>\t\t\t\t\t\t\t\t\t\t\t\t\t\t\t<\/div>\n\t\t\t\t<\/div>\n\t\t\t\t\t<\/div>\n\t\t<\/div>\n\t\t\t\t<div class=\"elementor-column elementor-col-50 elementor-top-column elementor-element elementor-element-3108d93\" data-id=\"3108d93\" data-element_type=\"column\" data-e-type=\"column\">\n\t\t\t<div class=\"elementor-widget-wrap elementor-element-populated\">\n\t\t\t\t\t\t<div class=\"elementor-element elementor-element-f5ccfd5 elementor-widget elementor-widget-heading\" data-id=\"f5ccfd5\" data-element_type=\"widget\" data-e-type=\"widget\" data-widget_type=\"heading.default\">\n\t\t\t\t<div class=\"elementor-widget-container\">\n\t\t\t\t\t<h2 class=\"elementor-heading-title elementor-size-default\">Les atouts du portail alu coulissant<\/h2>\t\t\t\t<\/div>\n\t\t\t\t<\/div>\n\t\t\t\t<div class=\"elementor-element elementor-element-5c196f5 elementor-widget elementor-widget-text-editor\" data-id=\"5c196f5\" data-element_type=\"widget\" data-e-type=\"widget\" data-widget_type=\"text-editor.default\">\n\t\t\t\t<div class=\"elementor-widget-container\">\n\t\t\t\t\t\t\t\t\t<p class=\"content__paragraph\">Le\u00a0<a class=\"content__link\" href=\"https:\/\/www.komilfo.fr\/produits\/portails\/coulissants\/portail-coulissant-aluminium\" target=\"_blank\" rel=\"noopener\">portail en aluminium coulissant<\/a>\u00a0est \u00e9quip\u00e9 d\u2019un dispositif anti-d\u00e9crochage en coulissement lat\u00e9ral afin de lutter contre les tentatives d\u2019intrusion dans votre habitation.<\/p><p class=\"content__paragraph\">Il est \u00e9galement muni d\u2019un roulement s\u00e9curis\u00e9 avec sabot de protection en fonte d\u2019aluminium rasant afin d\u2019offrir une s\u00e9curit\u00e9 maximale au quotidien.<\/p><p class=\"content__paragraph\">Le portail coulissant en aluminium est\u00a0<strong>tr\u00e8s esth\u00e9tique<\/strong>\u00a0:<\/p><ul class=\"content__list\"><li class=\"content__list-item\">Il a un aspect moderne.<\/li><li class=\"content__list-item\">Il dispose d\u2019un cache cr\u00e9maill\u00e8re laqu\u00e9 et d\u2019un sabot de s\u00e9curit\u00e9 de la couleur du portail.<\/li><li class=\"content__list-item\">Les but\u00e9es de fin de course pour moteur sont int\u00e9gr\u00e9es au profil cache-cr\u00e9maill\u00e8re. Visant \u00e0 ralentir la vitesse du coulissement lorsque le portail arrive au bout, ces but\u00e9es cach\u00e9es ne nuisent en rien \u00e0 l\u2019esth\u00e9tique du portail. Elles prot\u00e8gent de plus le laquage des vantaux, \u00e9vitant les d\u00e9t\u00e9riorations.<\/li><\/ul><p class=\"content__paragraph\">\u00a0<\/p><p class=\"content__paragraph\">Le portail en aluminium de type coulissant pr\u00e9sente \u00e9galement un avantage non n\u00e9gligeable : il permet de\u00a0<strong>pr\u00e9server votre intimit\u00e9<\/strong>. En effet, il poss\u00e8de :<\/p><ul class=\"content__list\"><li class=\"content__list-item\">un profil de r\u00e9ception qui peut \u00eatre de toute hauteur, pour une meilleure finition et une intimit\u00e9 garantie<\/li><li class=\"content__list-item\">une lame brise-vue qui est fix\u00e9e du c\u00f4t\u00e9 du refoulement du portail afin d\u2019assurer une intimit\u00e9 maximale quand le portail est plein<\/li><\/ul>\t\t\t\t\t\t\t\t<\/div>\n\t\t\t\t<\/div>\n\t\t\t\t\t<\/div>\n\t\t<\/div>\n\t\t\t\t\t<\/div>\n\t\t<\/section>\n\t\t\t\t<section class=\"elementor-section elementor-top-section elementor-element elementor-element-47b77ed elementor-section-stretched elementor-section-boxed elementor-section-height-default elementor-section-height-default\" data-id=\"47b77ed\" data-element_type=\"section\" data-e-type=\"section\" data-settings=\"{&quot;stretch_section&quot;:&quot;section-stretched&quot;}\">\n\t\t\t\t\t\t<div class=\"elementor-container elementor-column-gap-default\">\n\t\t\t\t\t<div class=\"elementor-column elementor-col-100 elementor-top-column elementor-element elementor-element-91bcd66\" data-id=\"91bcd66\" data-element_type=\"column\" data-e-type=\"column\">\n\t\t\t<div class=\"elementor-widget-wrap elementor-element-populated\">\n\t\t\t\t\t\t<div class=\"elementor-element elementor-element-95e017a elementor-widget elementor-widget-image\" data-id=\"95e017a\" data-element_type=\"widget\" data-e-type=\"widget\" data-widget_type=\"image.default\">\n\t\t\t\t<div class=\"elementor-widget-container\">\n\t\t\t\t\t\t\t\t\t\t\t\t\t\t\t<img loading=\"lazy\" decoding=\"async\" width=\"1024\" height=\"254\" src=\"http:\/\/s350233878.onlinehome.fr\/wp-content\/uploads\/2023\/10\/Sans-titre-100-1024x254.jpg\" class=\"attachment-large size-large wp-image-2081\" alt=\"Banni\u00e8re r\u00e9assurance\" srcset=\"http:\/\/s350233878.onlinehome.fr\/wp-content\/uploads\/2023\/10\/Sans-titre-100-1024x254.jpg 1024w, http:\/\/s350233878.onlinehome.fr\/wp-content\/uploads\/2023\/10\/Sans-titre-100-300x74.jpg 300w, http:\/\/s350233878.onlinehome.fr\/wp-content\/uploads\/2023\/10\/Sans-titre-100-768x190.jpg 768w, http:\/\/s350233878.onlinehome.fr\/wp-content\/uploads\/2023\/10\/Sans-titre-100-1536x381.jpg 1536w, http:\/\/s350233878.onlinehome.fr\/wp-content\/uploads\/2023\/10\/Sans-titre-100-2048x508.jpg 2048w, http:\/\/s350233878.onlinehome.fr\/wp-content\/uploads\/2023\/10\/Sans-titre-100-1320x327.jpg 1320w, http:\/\/s350233878.onlinehome.fr\/wp-content\/uploads\/2023\/10\/Sans-titre-100-600x149.jpg 600w\" sizes=\"(max-width: 1024px) 100vw, 1024px\" \/>\t\t\t\t\t\t\t\t\t\t\t\t\t\t\t<\/div>\n\t\t\t\t<\/div>\n\t\t\t\t\t<\/div>\n\t\t<\/div>\n\t\t\t\t\t<\/div>\n\t\t<\/section>\n\t\t\t\t<\/div>\n\t\t","protected":false},"excerpt":{"rendered":"<p>Nos portails et portillons en Aluminium Portail aluminium battant ou coulissant Configurateur Les atouts du portail battant en alu Le portail en aluminium de type battant se r\u00e9v\u00e8le efficace pour&hellip;<\/p>\n","protected":false},"author":1,"featured_media":0,"parent":0,"menu_order":0,"comment_status":"closed","ping_status":"closed","template":"","meta":{"footnotes":""},"class_list":["post-2921","page","type-page","status-publish","hentry"],"_links":{"self":[{"href":"http:\/\/s350233878.onlinehome.fr\/index.php\/wp-json\/wp\/v2\/pages\/2921","targetHints":{"allow":["GET"]}}],"collection":[{"href":"http:\/\/s350233878.onlinehome.fr\/index.php\/wp-json\/wp\/v2\/pages"}],"about":[{"href":"http:\/\/s350233878.onlinehome.fr\/index.php\/wp-json\/wp\/v2\/types\/page"}],"author":[{"embeddable":true,"href":"http:\/\/s350233878.onlinehome.fr\/index.php\/wp-json\/wp\/v2\/users\/1"}],"replies":[{"embeddable":true,"href":"http:\/\/s350233878.onlinehome.fr\/index.php\/wp-json\/wp\/v2\/comments?post=2921"}],"version-history":[{"count":7,"href":"http:\/\/s350233878.onlinehome.fr\/index.php\/wp-json\/wp\/v2\/pages\/2921\/revisions"}],"predecessor-version":[{"id":3143,"href":"http:\/\/s350233878.onlinehome.fr\/index.php\/wp-json\/wp\/v2\/pages\/2921\/revisions\/3143"}],"wp:attachment":[{"href":"http:\/\/s350233878.onlinehome.fr\/index.php\/wp-json\/wp\/v2\/media?parent=2921"}],"curies":[{"name":"wp","href":"https:\/\/api.w.org\/{rel}","templated":true}]}}